{"id":973,"date":"2024-03-26T10:14:08","date_gmt":"2024-03-26T13:14:08","guid":{"rendered":"https:\/\/www.tappy.com.br\/empresas\/?post_type=product&#038;p=973"},"modified":"2025-09-19T12:32:45","modified_gmt":"2025-09-19T15:32:45","slug":"balancim-para-forrar-botoes-graziano-no-7-g","status":"publish","type":"product","link":"https:\/\/www.tappy.com.br\/empresas\/p\/balancim-para-forrar-botoes-graziano-no-7-g\/","title":{"rendered":"Balancim para Forrar Bot\u00f5es Graziano N\u00ba 7-G"},"content":{"rendered":"<h2>O que \u00e9 Balancim para Forrar Bot\u00f5es?<\/h2>\n<p>Balancim Graziano N\u00ba 7-G para forrar bot\u00f5es \u00e9 uma ferramenta utilizada na confec\u00e7\u00e3o de bot\u00f5es forrados. \u00c9 composto por um conjunto de pe\u00e7as, como um corpo, um pino de apoio, uma matriz e uma matriz de fixa\u00e7\u00e3o. \u00c9 bastante utilizada em artesanato, costura e na produ\u00e7\u00e3o de roupas e acess\u00f3rios em geral.<\/p>\n<h2>Onde usa-lo?<\/h2>\n<p>O balancim para forrar bot\u00f5es pode ser utilizado em diversos tipos de trabalhos manuais, artesanato e na confec\u00e7\u00e3o de roupas e acess\u00f3rios em geral. Alguns exemplos de onde usar o balancim para forrar bot\u00f5es s\u00e3o:<\/p>\n<ul>\n<li>Confec\u00e7\u00e3o de roupas: O bot\u00e3o forrado \u00e9 uma op\u00e7\u00e3o muito usada para fechar blusas, casacos, vestidos, saias, entre outras pe\u00e7as de roupas;<\/li>\n<li>Artesanato: O bot\u00e3o forrado \u00e9 utilizado em diversos trabalhos artesanais, como em almofadas, capas de cadernos, bolsas, carteiras, entre outros;<\/li>\n<li>Decora\u00e7\u00e3o: Bot\u00f5es forrados podem ser usados na decora\u00e7\u00e3o de ambientes, em cortinas, colchas, entre outros objetos decorativos,<\/li>\n<li>Acess\u00f3rios: O bot\u00e3o forrado tamb\u00e9m \u00e9 muito utilizado na produ\u00e7\u00e3o de acess\u00f3rios como brincos, pulseiras, colares e broches.<\/li>\n<\/ul>\n<h2>Balancim Graziano vale a pena?<\/h2>\n<p>A Graziano \u00e9 a principal fabricante desse tipo de balancim pois \u00e9 o \u00fanico que garante que o tecido fique sempre bem preso ao bot\u00e3o e que o acabamento final fique uniforme e profissional.<\/p>\n<h2>Outras Informa\u00e7\u00f5es:<\/h2>\n<ul>\n<li>Press\u00e3o: 100kg.<\/li>\n<li>Acionamento: Frontal.<\/li>\n<li>N\u00e3o acompanha matriz.<\/li>\n<\/ul>\n","protected":false},"excerpt":{"rendered":"<p><strong>Balancim Graziano<\/strong> para forrar bot\u00f5es \u00e9 uma ferramenta muito \u00fatil para quem trabalha com costura e artesanato, perfeito para dar um acabamento profissional.<\/p>\n","protected":false},"featured_media":1001,"template":"","meta":[],"product_brand":[1192],"product_cat":[43,30],"product_tag":[603,604,605,606,607,608],"class_list":{"0":"post-973","1":"product","2":"type-product","3":"status-publish","4":"has-post-thumbnail","6":"product_brand-graziano","7":"product_cat-ferramentas-para-tapeceiros","8":"product_cat-acessorios-para-tapecaria","9":"product_tag-balancim","10":"product_tag-balancim-graziano","11":"product_tag-graziano-ferramentas","12":"product_tag-matriz-de-botao","13":"product_tag-matriz-de-forrar","14":"product_tag-matriz-graziano","15":"product_shipping_class-brasil","16":"tm-no-options","18":"first","19":"instock","20":"shipping-taxable","21":"purchasable","22":"product-type-simple"},"_links":{"self":[{"href":"https:\/\/www.tappy.com.br\/empresas\/wp-json\/wp\/v2\/product\/973","targetHints":{"allow":["GET"]}}],"collection":[{"href":"https:\/\/www.tappy.com.br\/empresas\/wp-json\/wp\/v2\/product"}],"about":[{"href":"https:\/\/www.tappy.com.br\/empresas\/wp-json\/wp\/v2\/types\/product"}],"wp:featuredmedia":[{"embeddable":true,"href":"https:\/\/www.tappy.com.br\/empresas\/wp-json\/wp\/v2\/media\/1001"}],"wp:attachment":[{"href":"https:\/\/www.tappy.com.br\/empresas\/wp-json\/wp\/v2\/media?parent=973"}],"wp:term":[{"taxonomy":"product_brand","embeddable":true,"href":"https:\/\/www.tappy.com.br\/empresas\/wp-json\/wp\/v2\/product_brand?post=973"},{"taxonomy":"product_cat","embeddable":true,"href":"https:\/\/www.tappy.com.br\/empresas\/wp-json\/wp\/v2\/product_cat?post=973"},{"taxonomy":"product_tag","embeddable":true,"href":"https:\/\/www.tappy.com.br\/empresas\/wp-json\/wp\/v2\/product_tag?post=973"}],"curies":[{"name":"wp","href":"https:\/\/api.w.org\/{rel}","templated":true}]}}