{"id":615,"date":"2024-03-26T10:11:57","date_gmt":"2024-03-26T13:11:57","guid":{"rendered":"https:\/\/www.tappy.com.br\/empresas\/?post_type=product&#038;p=615"},"modified":"2026-03-05T16:05:20","modified_gmt":"2026-03-05T19:05:20","slug":"grampo-industrial-14-45-imeco-com-5-760-unid","status":"publish","type":"product","link":"https:\/\/www.tappy.com.br\/empresas\/p\/grampo-industrial-14-45-imeco-com-5-760-unid\/","title":{"rendered":"Grampo Industrial 14\/45 Imeco com 5.760 Unid."},"content":{"rendered":"<h2>O que \u00e9?<\/h2>\n<p>S\u00e3o filamentos de a\u00e7o para fixa\u00e7\u00e3o dos mais variados componentes com aux\u00edlio de Grampeadores Pneum\u00e1ticos. Possui medidas padronizadas que proporcionam zero perda de grampos, evitando tamb\u00e9m engasgos e desgastes dos grampeadores.<\/p>\n<p>Possui pentes 25% maiores para uso total da capacidade dos grampeadores, reduzindo assim os tempos de trocas.<\/p>\n<h2>Onde us\u00e1-lo?<\/h2>\n<p>O grampo 14 deve ser usado exclusivamente em grampeadores que portem essa largura de grampos, como por exemplo alguns grampeadores que temos aqui na Tappy mesmo.<\/p>\n<a href=\"https:\/\/www.tappy.com.br\/empresas\/c\/acessorios-para-tapecaria\/grampeadores-de-tapeceiro\/\" class=\"button secondary is-secondary is-medium\" >\n\t\t<span>Grampeadores<\/span>\n\t<\/a>\n\n<h2>Grampo Industrial 14\/45 Imeco \u00e9 bom?<\/h2>\n<p>Os grampos Imeco est\u00e3o entre os mais conceituados do mercado j\u00e1 que passam por um rigoroso processo de fabrica\u00e7\u00e3o, isso garante a eles um excelente acabamento final para que seu trabalho seja r\u00e1pido e eficiente, com maior rendimento do tempo de trabalho. Um dos segredos dele \u00e9 a uni\u00e3o dos grampos por uma exclusiva colagem nos dois lados e o corte dos pendes com quantidades exatas.<\/p>\n<p>Para saber mais sobre grampos Imeco acesse o <a title=\"Grampos Imeco\" href=\"http:\/\/www.imeco.com.br\/site\/index.php\/produtos\/grampos\/\" target=\"_blank\" rel=\"noopener\" data-schema-attribute=\"\">Site da Imeco por aqui<\/a>.<\/p>\n<p>Indicamos sua utiliza\u00e7\u00e3o no <a class=\"row-title\" href=\"https:\/\/www.tappy.com.br\/empresas\/p\/grampeador-imeco-14-50-compacto\/\">Grampeador Imeco 14\/50 Pneum\u00e1tico Compacto<\/a><\/p>\n<h2>Outras Informa\u00e7\u00f5es:<\/h2>\n<ul>\n<li>Largura do grampo: 10,8mm;<\/li>\n<li>Parede superior: 1,5mm;<\/li>\n<li>Paredes laterias: 1,3mm;<\/li>\n<li>Quantidade: 5.760 grampos;<\/li>\n<li>Altura: 45mm.<\/li>\n<\/ul>\n","protected":false},"excerpt":{"rendered":"<p>Grampo Industrial 14\/45 de a\u00e7o galvanizado Imeco para montagem de estruturas em madeiras como arma\u00e7\u00f5es, ripas, sarrafos e etc. <strong>Veja a descri\u00e7\u00e3o e saiba mais<\/strong>.<\/p>\n","protected":false},"featured_media":638,"template":"","meta":[],"product_brand":[1193],"product_cat":[230,30],"product_tag":[231,462,463,278],"class_list":{"0":"post-615","1":"product","2":"type-product","3":"status-publish","4":"has-post-thumbnail","6":"product_brand-imeco","7":"product_cat-grampo-de-tapeceiro-industrial","8":"product_cat-acessorios-para-tapecaria","9":"product_tag-grampo","10":"product_tag-grampo-14-45","11":"product_tag-grampo-14-50","12":"product_tag-imeco-ferramentas","13":"product_shipping_class-brasil","14":"tm-no-options","16":"first","17":"instock","18":"shipping-taxable","19":"purchasable","20":"product-type-simple"},"_links":{"self":[{"href":"https:\/\/www.tappy.com.br\/empresas\/wp-json\/wp\/v2\/product\/615","targetHints":{"allow":["GET"]}}],"collection":[{"href":"https:\/\/www.tappy.com.br\/empresas\/wp-json\/wp\/v2\/product"}],"about":[{"href":"https:\/\/www.tappy.com.br\/empresas\/wp-json\/wp\/v2\/types\/product"}],"wp:featuredmedia":[{"embeddable":true,"href":"https:\/\/www.tappy.com.br\/empresas\/wp-json\/wp\/v2\/media\/638"}],"wp:attachment":[{"href":"https:\/\/www.tappy.com.br\/empresas\/wp-json\/wp\/v2\/media?parent=615"}],"wp:term":[{"taxonomy":"product_brand","embeddable":true,"href":"https:\/\/www.tappy.com.br\/empresas\/wp-json\/wp\/v2\/product_brand?post=615"},{"taxonomy":"product_cat","embeddable":true,"href":"https:\/\/www.tappy.com.br\/empresas\/wp-json\/wp\/v2\/product_cat?post=615"},{"taxonomy":"product_tag","embeddable":true,"href":"https:\/\/www.tappy.com.br\/empresas\/wp-json\/wp\/v2\/product_tag?post=615"}],"curies":[{"name":"wp","href":"https:\/\/api.w.org\/{rel}","templated":true}]}}