{"id":53,"date":"2024-03-26T10:08:34","date_gmt":"2024-03-26T13:08:34","guid":{"rendered":"https:\/\/www.tappy.com.br\/empresas\/?post_type=product&#038;p=53"},"modified":"2026-05-05T18:34:06","modified_gmt":"2026-05-05T21:34:06","slug":"tecido-boucle-garnier-natural-varias-cores-140cm","status":"publish","type":"product","link":"https:\/\/www.tappy.com.br\/empresas\/p\/tecido-boucle-garnier-natural-varias-cores-140cm\/","title":{"rendered":"Tecido Boucl\u00e9 Garnier Natural V\u00e1rias Cores 140cm"},"content":{"rendered":"<h2>O que \u00e9 Tecido Boucl\u00e9?<\/h2>\n<p>\u00c9 um tipo de tecido que combina fios de cores diferentes para criar um efeito mesclado ou matizado. &#8220;Boucl\u00e9&#8221; refere-se \u00e0 textura caracter\u00edstica do tecido, que \u00e9 criada por la\u00e7os ou fios levemente encaracolados.<\/p>\n<p>Seus fios s\u00e3o entrela\u00e7ados de maneira que formam uma superf\u00edcie texturizada e irregular. A adi\u00e7\u00e3o de fios mesclados significa que o tecido ter\u00e1 uma apar\u00eancia mais variada em termos de cor, com nuances e tonalidades mistas que adicionam profundidade e identidade visual ao material.<\/p>\n<h2>Onde us\u00e1-lo?<\/h2>\n<p>Esse material tem um tingimento especial mesclado a cor principal que simula uma textura marmorizada n\u00e3o palp\u00e1vel, somente visual. Pode ser aplicado em todos os tipos de estofamentos decorativos, grandes ou pequenos. O que manda \u00e9 a sua criatividade.<\/p>\n<h2>Tecido Boucl\u00e9 Garnier<\/h2>\n<p>Esse tecido boucl\u00e9 para sof\u00e1s de alta qualidade \u00e9 feito com fibras premium e t\u00eam uma constru\u00e7\u00e3o cuidadosa, resultando em durabilidade, conforto e uma apar\u00eancia elegante.<\/p>\n<p>Nossa inspira\u00e7\u00e3o para esse tecido foi Charles Garnier, um renomado arquiteto franc\u00eas do s\u00e9culo XIX conhecido principalmente por projetar a \u00d3pera Garnier, em Paris.<\/p>\n","protected":false},"excerpt":{"rendered":"<p><strong>Tecido Boucl\u00e9 Garnier Natural<\/strong> \u00e9 um tecido de fibras mistas e algod\u00e3o super macio. Ideal para estofados de alta decora\u00e7\u00e3o e projetos ousados de arquitetura cl\u00e1ssica ou contempor\u00e2nea.<\/p>\n","protected":false},"featured_media":138,"template":"","meta":[],"product_brand":[1108],"product_cat":[858,62,20],"product_tag":[22,23,24,25,26,40,41],"class_list":{"0":"post-53","1":"product","2":"type-product","3":"status-publish","4":"has-post-thumbnail","6":"product_brand-tappy","7":"product_cat-tecido-boucle-para-estofados","8":"product_cat-fibras-naturais","9":"product_cat-tecidos-para-sofas","10":"product_tag-suede","11":"product_tag-suede-para-sofas","12":"product_tag-tecido-para-estofados","13":"product_tag-tecido-para-sofas","14":"product_tag-tecido-suede","15":"product_tag-veludo","16":"product_tag-veludo-macio","17":"product_shipping_class-brasil","18":"pa_acabamento-tecido-texturizado","19":"pa_acabamento-tecido-tramado","20":"pa_cores-de-tecidos-azul-marinho-mescla-bege-sisal","21":"pa_cores-de-tecidos-azul-marinho-mescla-verde-samambaia","22":"pa_cores-de-tecidos-cinza-mescla-bege-fendi","23":"pa_cores-de-tecidos-preto-mescla-bege-fendi","24":"pa_cores-de-tecidos-preto-mescla-cinza-grafite-e-bege-sisal","25":"pa_cores-de-tecidos-rosa-pancake-mescla-bege-fendi","26":"pa_cores-de-tecidos-verde-esmeralda-mescla-preto","27":"pa_cores-de-tecidos-verde-samabaia-mescla-bege-sisal","28":"pa_cores-de-tecidos-vermelho-terracota-mescla-bege-sisal","29":"tm-no-options","31":"first","32":"instock","33":"shipping-taxable","34":"purchasable","35":"product-type-variable"},"_links":{"self":[{"href":"https:\/\/www.tappy.com.br\/empresas\/wp-json\/wp\/v2\/product\/53","targetHints":{"allow":["GET"]}}],"collection":[{"href":"https:\/\/www.tappy.com.br\/empresas\/wp-json\/wp\/v2\/product"}],"about":[{"href":"https:\/\/www.tappy.com.br\/empresas\/wp-json\/wp\/v2\/types\/product"}],"wp:featuredmedia":[{"embeddable":true,"href":"https:\/\/www.tappy.com.br\/empresas\/wp-json\/wp\/v2\/media\/138"}],"wp:attachment":[{"href":"https:\/\/www.tappy.com.br\/empresas\/wp-json\/wp\/v2\/media?parent=53"}],"wp:term":[{"taxonomy":"product_brand","embeddable":true,"href":"https:\/\/www.tappy.com.br\/empresas\/wp-json\/wp\/v2\/product_brand?post=53"},{"taxonomy":"product_cat","embeddable":true,"href":"https:\/\/www.tappy.com.br\/empresas\/wp-json\/wp\/v2\/product_cat?post=53"},{"taxonomy":"product_tag","embeddable":true,"href":"https:\/\/www.tappy.com.br\/empresas\/wp-json\/wp\/v2\/product_tag?post=53"}],"curies":[{"name":"wp","href":"https:\/\/api.w.org\/{rel}","templated":true}]}}