{"id":52,"date":"2024-03-26T10:08:34","date_gmt":"2024-03-26T13:08:34","guid":{"rendered":"https:\/\/www.tappy.com.br\/empresas\/?post_type=product&#038;p=52"},"modified":"2024-12-15T16:15:12","modified_gmt":"2024-12-15T19:15:12","slug":"tecido-suede-premium-varias-cores-140cm-veludo","status":"publish","type":"product","link":"https:\/\/www.tappy.com.br\/empresas\/p\/tecido-suede-premium-varias-cores-140cm-veludo\/","title":{"rendered":"Tecido Suede Premium V\u00e1rias Cores 140cm, Veludo"},"content":{"rendered":"<h2>O que \u00e9?<\/h2>\n<p>\u00c9 um <strong>Suede Liso pesado<\/strong>, isso garante o m\u00e1ximo de durabilidade e resist\u00eancia, sendo que sua composi\u00e7\u00e3o tamb\u00e9m o torna semiperme\u00e1vel. Sua textura \u00e9 extremamente macia, sua cor muito fixa e cintilante, portanto \u00e9 um Suede muito nobre.<\/p>\n<p>A gramatura deste <b>Tecido Suede<\/b> \u00e9 capaz de garantir uma dura\u00e7\u00e3o excepcional j\u00e1 que ele pesa <strong>322g por metro linear<\/strong> e <a title=\"Tecidos 230g\/m\u00b2\" href=\"https:\/\/www.tappy.com.br\/empresas\/c\/tecidos-para-sofas\/?filter_gramatura=230gm2\">230g\/m\u00b2<\/a>. Como esse material cont\u00e9m forro a sua face(felpa) \u00e9 um pouco mais fina, tendo 190g\/m\u00b2, as 40g\/m\u00b2 restantes pertencem ao forro para fornecer mais resist\u00eancia. Em outras palavras, &#8220;\u00e9 um dos melhores tecidos e mais resistentes que voc\u00ea encontrar\u00e1 no mercado&#8221;.<\/p>\n<h2>Onde us\u00e1-lo?<\/h2>\n<p>Pode ser aplicado em todos os tipos de estofamentos decorativos, desde sof\u00e1s inteiros, at\u00e9 puffs. Como ele \u00e9 um dos melhores e mais resistentes tecidos que voc\u00ea encontrar\u00e1 no mercado us\u00e1-lo ser\u00e1 bem f\u00e1cil, o que manda \u00e9 a sua criatividade.<\/p>\n<p>Esse Suede possui fibras de espessura especial justamente para facilitar sua limpeza, isso pode ser feito em casa de forma bem f\u00e1cil, somente tomando alguns cuidados, facilidade \u00e9 uma das propostas desse tecido.<\/p>\n<h2>Suede Premium &#8220;Veludo&#8221; \u00e9 bom?<\/h2>\n<p><strong>Tecido Suede Premium Cores<\/strong> 145cm \u00e9 definitivamente a melhor escolha quando se trata de diferencia\u00e7\u00e3o, resist\u00eancia e beleza, o que em resumo justifica o seu investimento um pouco maior. As vantagens s\u00e3o muitas e se ainda d\u00favida siga nosso guia para solicitar uma amostra, n\u00f3s recomendamos.<\/p>\n<p>Gostaria de entender ainda mais sobre o Suede Premium? Que tal esses links?<\/p>\n<p><a href=\"https:\/\/www.tappy.com.br\/blog\/tudo-sobre-tecido-suede\/\">Tudo sobre Tecido Suede<\/a><\/p>\n","protected":false},"excerpt":{"rendered":"<p>Suede Premium para sof\u00e1s, poltronas, cadeiras e puffs. Um tecido de alto padr\u00e3o e qualidade com a maior gramatura do mercado. <strong>Veja a descri\u00e7\u00e3o e saiba mais<\/strong>.<\/p>\n","protected":false},"featured_media":137,"template":"","meta":[],"product_brand":[],"product_cat":[21,20],"product_tag":[22,23,24,25,26,28,40,41],"class_list":{"0":"post-52","1":"product","2":"type-product","3":"status-publish","4":"has-post-thumbnail","6":"product_cat-tecido-suede-para-sofas","7":"product_cat-tecidos-para-sofas","8":"product_tag-suede","9":"product_tag-suede-para-sofas","10":"product_tag-tecido-para-estofados","11":"product_tag-tecido-para-sofas","12":"product_tag-tecido-suede","13":"product_tag-tecidos-tappy","14":"product_tag-veludo","15":"product_tag-veludo-macio","16":"product_shipping_class-brasil","17":"pa_acabamento-tecido-liso","18":"pa_acabamento-tecido-pet-friendly","19":"pa_cores-de-tecidos-azul-meia-noite","20":"pa_cores-de-tecidos-branco-bruma","21":"pa_cores-de-tecidos-cinza-ardosia","22":"pa_cores-de-tecidos-cinza-taupe","23":"pa_cores-de-tecidos-marrom","24":"pa_cores-de-tecidos-marrom-caramelo","25":"pa_cores-de-tecidos-marrom-castanho-claro","26":"pa_cores-de-tecidos-preto","27":"pa_cores-de-tecidos-rosa-cha","28":"pa_cores-de-tecidos-rosa-envelhecido","29":"pa_cores-de-tecidos-verde-floresta","30":"pa_cores-de-tecidos-vermelho-terracota","31":"pa_cores-de-tecidos-vermelho-urucum","32":"tm-no-options","34":"first","35":"outofstock","36":"shipping-taxable","37":"product-type-variable"},"_links":{"self":[{"href":"https:\/\/www.tappy.com.br\/empresas\/wp-json\/wp\/v2\/product\/52","targetHints":{"allow":["GET"]}}],"collection":[{"href":"https:\/\/www.tappy.com.br\/empresas\/wp-json\/wp\/v2\/product"}],"about":[{"href":"https:\/\/www.tappy.com.br\/empresas\/wp-json\/wp\/v2\/types\/product"}],"wp:featuredmedia":[{"embeddable":true,"href":"https:\/\/www.tappy.com.br\/empresas\/wp-json\/wp\/v2\/media\/137"}],"wp:attachment":[{"href":"https:\/\/www.tappy.com.br\/empresas\/wp-json\/wp\/v2\/media?parent=52"}],"wp:term":[{"taxonomy":"product_brand","embeddable":true,"href":"https:\/\/www.tappy.com.br\/empresas\/wp-json\/wp\/v2\/product_brand?post=52"},{"taxonomy":"product_cat","embeddable":true,"href":"https:\/\/www.tappy.com.br\/empresas\/wp-json\/wp\/v2\/product_cat?post=52"},{"taxonomy":"product_tag","embeddable":true,"href":"https:\/\/www.tappy.com.br\/empresas\/wp-json\/wp\/v2\/product_tag?post=52"}],"curies":[{"name":"wp","href":"https:\/\/api.w.org\/{rel}","templated":true}]}}