{"id":4563,"date":"2026-02-10T15:54:54","date_gmt":"2026-02-10T18:54:54","guid":{"rendered":"https:\/\/www.tappy.com.br\/empresas\/?post_type=product&#038;p=4563"},"modified":"2026-04-14T15:37:14","modified_gmt":"2026-04-14T18:37:14","slug":"mostruario-cascata-boucle-harpan-tappy","status":"publish","type":"product","link":"https:\/\/www.tappy.com.br\/empresas\/p\/mostruario-cascata-boucle-harpan-tappy\/","title":{"rendered":"Mostru\u00e1rio Cascata Boucl\u00e9 Harpan Tappy"},"content":{"rendered":"<p>Mostru\u00e1rio de Tecidos para estofados Tappy Mostru\u00e1rio Cascata Boucl\u00e9 Harpan.<\/p>\n<p>Cont\u00e9m a linha completa de tecidos, dos produtos abaixo:<\/p>\n\t\n  \n    <div class=\"row  equalize-box large-columns-1 medium-columns- small-columns- row-small has-shadow row-box-shadow-1-hover\" >\n  <\/div>\n","protected":false},"excerpt":{"rendered":"<p>Mostru\u00e1rio Cascata do Tecido\u00a0Boucl\u00e9 Harpan \u00e9 feito com fibras especialmente macias de alta gramatura e qualidade.<\/p>\n","protected":false},"featured_media":4592,"template":"","meta":[],"product_brand":[1108],"product_cat":[328],"product_tag":[],"class_list":{"0":"post-4563","1":"product","2":"type-product","3":"status-publish","4":"has-post-thumbnail","6":"product_brand-tappy","7":"product_cat-mostruario-de-tecidos","8":"product_shipping_class-brasil","9":"tm-no-options","11":"first","12":"instock","13":"sold-individually","14":"shipping-taxable","15":"purchasable","16":"product-type-simple"},"_links":{"self":[{"href":"https:\/\/www.tappy.com.br\/empresas\/wp-json\/wp\/v2\/product\/4563","targetHints":{"allow":["GET"]}}],"collection":[{"href":"https:\/\/www.tappy.com.br\/empresas\/wp-json\/wp\/v2\/product"}],"about":[{"href":"https:\/\/www.tappy.com.br\/empresas\/wp-json\/wp\/v2\/types\/product"}],"wp:featuredmedia":[{"embeddable":true,"href":"https:\/\/www.tappy.com.br\/empresas\/wp-json\/wp\/v2\/media\/4592"}],"wp:attachment":[{"href":"https:\/\/www.tappy.com.br\/empresas\/wp-json\/wp\/v2\/media?parent=4563"}],"wp:term":[{"taxonomy":"product_brand","embeddable":true,"href":"https:\/\/www.tappy.com.br\/empresas\/wp-json\/wp\/v2\/product_brand?post=4563"},{"taxonomy":"product_cat","embeddable":true,"href":"https:\/\/www.tappy.com.br\/empresas\/wp-json\/wp\/v2\/product_cat?post=4563"},{"taxonomy":"product_tag","embeddable":true,"href":"https:\/\/www.tappy.com.br\/empresas\/wp-json\/wp\/v2\/product_tag?post=4563"}],"curies":[{"name":"wp","href":"https:\/\/api.w.org\/{rel}","templated":true}]}}