{"id":4279,"date":"2025-11-13T15:40:06","date_gmt":"2025-11-13T18:40:06","guid":{"rendered":"https:\/\/www.tappy.com.br\/empresas\/?post_type=product&#038;p=4279"},"modified":"2026-05-05T19:11:16","modified_gmt":"2026-05-05T22:11:16","slug":"tecido-acquablock-interno-estampados-impermeavel-karsten-140cm","status":"publish","type":"product","link":"https:\/\/www.tappy.com.br\/empresas\/p\/tecido-acquablock-interno-estampados-impermeavel-karsten-140cm\/","title":{"rendered":"Tecido Acquablock Interno Estampados Imperme\u00e1vel Karsten 140cm"},"content":{"rendered":"<div class=\"row\"  id=\"row-1444420288\">\r\n\r\n\n\t<div id=\"col-11894143\" class=\"col small-12 large-12\"  >\n\t\t\t\t<div class=\"col-inner\"  >\n\t\t\t\n\t\t\t\r\n<h3>O que \u00e9 Tecido Acquablock Interno?<\/h3>\r\n<p class=\"lead\">\u00c9 um tecido para estofados feito com corpo e barra em Jacquard, acabamento Cotton, pr\u00e9-encolhida e Antipilling. Protege contra a a\u00e7\u00e3o do sol, repele l\u00edquidos e traz mais cor e vida para os estofados de ambientes internos.<\/p>\r\n\r\n\r\n<hr \/>\r\n\r\n\t\t<\/div>\n\t\t\t\t\t<\/div>\n\n\t\r\n\n\t<div id=\"col-63523783\" class=\"col medium-6 small-12 large-6\"  >\n\t\t\t\t<div class=\"col-inner\"  >\n\t\t\t\n\t\t\t\r\n<ul>\r\n \t<li><span style=\"font-size: 110%;\">F\u00e1cil Manuten\u00e7\u00e3o;<\/span><\/li>\r\n \t<li><span style=\"font-size: 110%;\">Resistente a Pets;<\/span><\/li>\r\n \t<li><span style=\"font-size: 110%;\">Toque macio;<\/span><\/li>\r\n \t<li><span style=\"font-size: 110%;\">Durabilidade das cores;<\/span><\/li>\r\n \t<li><span style=\"font-size: 110%;\">N\u00e3o possui efeito plastificado;<\/span><\/li>\r\n \t<li><span style=\"font-size: 110%;\">Antifungos;<\/span><\/li>\r\n \t<li><span style=\"font-size: 110%;\">Produzido com respeito ao meio ambiente;<\/span><\/li>\r\n<\/ul>\r\n\r\n<hr \/>\r\n\r\n<em>\u201cA natureza se manifesta em formas suaves, ritmos silenciosos e texturas que contam hist\u00f3rias. H\u00e1 um equil\u00edbrio sutil entre movimento e pausa, luz e sombra, sil\u00eancio e presen\u00e7a. Inspirar-se nela \u00e9 reconhecer essa harmonia, sentir sua energia e traz\u00ea-la para perto, em ambientes que acolhem e conectam.<\/em>\r\n\r\n<em>Atrav\u00e9s dessa percep\u00e7\u00e3o nasce Sintonia, uma cole\u00e7\u00e3o que se entrela\u00e7a com os sentidos. Inspirada na biofilia \u2013 o amor \u00e0 vida nutrido pela natureza \u2013 cada estampa reflete a fluidez do natural, combinando folhagens, flores, tra\u00e7os org\u00e2nicos e composi\u00e7\u00f5es equilibradas para despertar aconchego e estimular a criatividade.\u201d<\/em>\r\n\r\n<strong>Sintonia \u00e9 viver a natureza em sua ess\u00eancia.<\/strong>\r\n\r\n<hr \/>\r\n<p class=\"uppercase\"><span style=\"font-size: 120%;\"><span style=\"color: #0000ff;\"><strong><span class=\"fancy-underline\">IMPERME\u00c1VEL<\/span><\/strong><\/span> E RESISTENTE \u00c0 <strong><span class=\"fancy-underline\"><span style=\"color: #0000ff;\">MANCHAS<\/span><\/span><\/strong><\/span><\/p>\r\n\t\t<\/div>\n\t\t\t\t\t<\/div>\n\n\t\r\n\n\t<div id=\"col-115111811\" class=\"col medium-6 small-12 large-6\"  >\n\t\t\t\t<div class=\"col-inner\"  >\n\t\t\t\n\t\t\t\r\n<h3>Tecido Acquablock \u00e9 bom?<\/h3>\r\n<div>\r\n\r\nEsse tecido \u00e9 o mais conceituado e conhecido tecido imperme\u00e1vel para estofados, muitas vezes inclusive sendo alvo de c\u00f3pias que <strong>n\u00e3o possuem<\/strong> o mesmo acabamento fant\u00e1stico e capacidade hidrof\u00f3bica. Fique atento e tenha certeza de estar adquirindo um <strong>Tecido Acquablock\u00ae\u00a0<\/strong>original.\r\n\r\n<hr \/>\r\n\r\n<\/div>\r\n<h3>Cuidados e manuten\u00e7\u00e3o de Tecidos Acquablock:<\/h3>\r\n<ul>\r\n \t<li>N\u00e3o deixar o seu Acquablock exposto continuamente \u00e0s condi\u00e7\u00f5es clim\u00e1ticas como sol, chuva e umidade excessiva. Assim, evita-se a forma\u00e7\u00e3o de manchas de bolor e perda de resist\u00eancia do tecido.<\/li>\r\n \t<li>Limpar diariamente a superf\u00edcie do tecido, com pano umedecido em \u00e1gua na temperatura ambiente e secar.<\/li>\r\n \t<li>Eliminar sujeiras acidentais com pano limpo, esponjado ou papel absorvente, sem comprimir para dentro do tecido. Ap\u00f3s a limpeza, n\u00e3o armazenar seu Acquablock em local \u00famido.<\/li>\r\n \t<li>Aplicar os tecidos Acquablock somente sobre espuma e madeira totalmente tratada com anti-mofo.<\/li>\r\n \t<li>Aplicar ilhoses na parte inferior das almofadas, como forma de escape de ar e umidade.<\/li>\r\n \t<li>Utilizar agulhas finas e linhas de poli\u00e9ster nas costura e, de prefer\u00eancia, fazer costura dupla.<\/li>\r\n \t<li>N\u00e3o utilizar produtos abrasivos, como escovas com cerdas, jatos de \u00e1gua, esponjas abrasivas ou produtos qu\u00edmicos (alcalinos e clorados), tais como detergentes em p\u00f3, solventes, cloro e outros.<\/li>\r\n<\/ul>\r\nPara saber mais sobre os Tecidos Acquablock diretamente no site da fabricante Karsten <a href=\"https:\/\/casachic.com.br\/o-que-e-o-tecido-acquablock-e-onde-usar\/\" rel=\"noopener\">acesse aqui<\/a>.\r\n\r\n\t\t<\/div>\n\t\t\t\t\t<\/div>\n\n\t\r\n\r\n<\/div>\n","protected":false},"excerpt":{"rendered":"<p class=\"p1\">O acquablock interno \u00e9 um produto desenvolvido para decora\u00e7\u00e3o e revestimento de estofados de \u00e1reas internas ou externas cobertas. <a href=\"#vantagens\">Veja outras vantagens.<\/a><\/p>\n<p class=\"p1\">\n","protected":false},"featured_media":4317,"template":"","meta":[],"product_brand":[1083,1201],"product_cat":[368,369,20],"product_tag":[494,1079,1067,1068,495,370,372,376,373,25,54],"class_list":{"0":"post-4279","1":"product","2":"type-product","3":"status-publish","4":"has-post-thumbnail","6":"product_brand-karsten-decor","7":"product_brand-karsten-decor-acquablock","8":"product_cat-tecido-gorgurao","9":"product_cat-tecido-impermeavel-para-sofas","10":"product_cat-tecidos-para-sofas","11":"product_tag-acquablock","12":"product_tag-karsten","13":"product_tag-resistente-a-gatos","14":"product_tag-resistente-a-pets","15":"product_tag-tecido-acquablock","16":"product_tag-tecido-algodao","17":"product_tag-tecido-impermeabilizado","18":"product_tag-tecido-impermeavel","19":"product_tag-tecido-karsten","20":"product_tag-tecido-para-sofas","21":"product_tag-tecidos-karsten","22":"product_shipping_class-brasil","23":"pa_acabamento-impermeavel-a-substancias-aquosas-e-oleosas","24":"pa_acabamento-tecido-anti-uv","25":"pa_acabamento-tecido-antimancha","26":"pa_acabamento-tecido-antimofo","27":"pa_acabamento-tecido-falso-liso","28":"pa_acabamento-tecido-impermeavel","29":"pa_acabamento-tecido-liso","30":"pa_acabamento-tecido-pet-friendly","31":"pa_cores-de-tecidos-alba-amendoa","32":"pa_cores-de-tecidos-alba-chumbo","33":"pa_cores-de-tecidos-alba-marinho","34":"pa_cores-de-tecidos-alba-marrom","35":"pa_cores-de-tecidos-marmo","36":"pa_cores-de-tecidos-organico","37":"pa_cores-de-tecidos-riscas-azul","38":"pa_cores-de-tecidos-riscas-bege","39":"pa_cores-de-tecidos-riscas-marinho","40":"pa_cores-de-tecidos-trama-chumbo","41":"pa_cores-de-tecidos-trama-creme","42":"pa_cores-de-tecidos-trama-preta","43":"pa_cores-de-tecidos-veneto-chocolate","44":"pa_cores-de-tecidos-veneto-mel","45":"pa_cores-de-tecidos-xadrez-marrom","46":"pa_cores-de-tecidos-xadrez-mel","47":"tm-no-options","49":"first","50":"instock","51":"shipping-taxable","52":"purchasable","53":"product-type-variable"},"_links":{"self":[{"href":"https:\/\/www.tappy.com.br\/empresas\/wp-json\/wp\/v2\/product\/4279","targetHints":{"allow":["GET"]}}],"collection":[{"href":"https:\/\/www.tappy.com.br\/empresas\/wp-json\/wp\/v2\/product"}],"about":[{"href":"https:\/\/www.tappy.com.br\/empresas\/wp-json\/wp\/v2\/types\/product"}],"wp:featuredmedia":[{"embeddable":true,"href":"https:\/\/www.tappy.com.br\/empresas\/wp-json\/wp\/v2\/media\/4317"}],"wp:attachment":[{"href":"https:\/\/www.tappy.com.br\/empresas\/wp-json\/wp\/v2\/media?parent=4279"}],"wp:term":[{"taxonomy":"product_brand","embeddable":true,"href":"https:\/\/www.tappy.com.br\/empresas\/wp-json\/wp\/v2\/product_brand?post=4279"},{"taxonomy":"product_cat","embeddable":true,"href":"https:\/\/www.tappy.com.br\/empresas\/wp-json\/wp\/v2\/product_cat?post=4279"},{"taxonomy":"product_tag","embeddable":true,"href":"https:\/\/www.tappy.com.br\/empresas\/wp-json\/wp\/v2\/product_tag?post=4279"}],"curies":[{"name":"wp","href":"https:\/\/api.w.org\/{rel}","templated":true}]}}