{"id":40,"date":"2024-03-26T10:08:33","date_gmt":"2024-03-26T13:08:33","guid":{"rendered":"https:\/\/www.tappy.com.br\/empresas\/?post_type=product&#038;p=40"},"modified":"2024-10-30T01:01:32","modified_gmt":"2024-10-30T04:01:32","slug":"tecido-suede-estampado-flores-e-folhas-140cm","status":"publish","type":"product","link":"https:\/\/www.tappy.com.br\/empresas\/p\/tecido-suede-estampado-flores-e-folhas-140cm\/","title":{"rendered":"Tecido Suede Estampado Flores e Folhas 140cm"},"content":{"rendered":"<h2>O que \u00e9?<\/h2>\n<p>\u00c9 um Tecido Suede Estampado com flores ou folhas decorativas que garantem uma est\u00e9tica incr\u00edvel, elas s\u00e3o elegantes e de alt\u00edssima fidelidade. Possuem todas as vantagens de um tecido suede tradicional, com a adi\u00e7\u00e3o de tingimento especialmente colorido que torna cada ambiente \u00fanico.<\/p>\n<p>A gramatura deste tecido alta o suficiente para garantir boa dura\u00e7\u00e3o j\u00e1 que ele conta com um forro no verso para refor\u00e7a-lo. Falando nisso, esse tecido tem 280g por metro linear e 200g\/m\u00b2, sendo assim 40g\/m\u00b2 pertencem a tela do forro e os 160g\/m\u00b2 restantes \u00e0 face do tecido.<\/p>\n<p>Para sua limpeza \u00e9 indicado contratar um servi\u00e7o especializado, j\u00e1 que friccionar esse tecido n\u00e3o \u00e9 algo muito indicado, pois sua tintura pode perder defini\u00e7\u00e3o ou manchar.<\/p>\n<h2>Onde us\u00e1-lo?<\/h2>\n<p>\u00c9 um tecido democr\u00e1tico que pode ser usado em grandes pe\u00e7as, como sof\u00e1s por exemplo, mas tamb\u00e9m em estofamentos menores como puffs e almofadas. Sua versatilidade permite at\u00e9 a aplica\u00e7\u00e3o em paredes. Uma possibilidade seria mesclar o suede estampado ilustra\u00e7\u00f5es com algum outro tecido liso, algo que \u00e9 muito bonito.<\/p>\n<h2>Tecido Suede Estampado Flores e Folhas \u00e9 bom?<\/h2>\n<p>Concluindo, o <b>Suede Estampado Flores e Folhas<\/b>\u00a0\u00e9 a combina\u00e7\u00e3o perfeita entre decora\u00e7\u00e3o e qualidade. Por isso, use sua criatividade para criar e aproveite esse material excelente para revestimento.<\/p>\n<p>Gostaria de entender ainda mais sobre o Suede Estampado? Que tal esses links?<\/p>\n<p><a href=\"https:\/\/www.tappy.com.br\/blog\/tudo-sobre-tecido-suede\/\">Tudo sobre Tecido Suede<\/a><\/p>\n","protected":false},"excerpt":{"rendered":"<p><strong>Tecido Suede Estampado Flores e Folhas<\/strong> para sof\u00e1s, poltronas e cadeiras \u00e9 um tecido estampado para estofados de alta decora\u00e7\u00e3o.<\/p>\n","protected":false},"featured_media":105,"template":"","meta":[],"product_brand":[],"product_cat":[21,20],"product_tag":[22,23,52,53,24,25,26],"class_list":{"0":"post-40","1":"product","2":"type-product","3":"status-publish","4":"has-post-thumbnail","6":"product_cat-tecido-suede-para-sofas","7":"product_cat-tecidos-para-sofas","8":"product_tag-suede","9":"product_tag-suede-para-sofas","10":"product_tag-tecido-estampado","11":"product_tag-tecido-estampado-para-sofas","12":"product_tag-tecido-para-estofados","13":"product_tag-tecido-para-sofas","14":"product_tag-tecido-suede","15":"product_shipping_class-brasil","16":"pa_acabamento-tecido-estampado","17":"pa_acabamento-tecido-liso","18":"pa_acabamento-tecido-pet-friendly","19":"pa_cores-de-tecidos-amaryllis-vermelha","20":"pa_cores-de-tecidos-flores-aquarela","21":"pa_cores-de-tecidos-flores-pontilhado","22":"pa_cores-de-tecidos-flores-rosa","23":"pa_cores-de-tecidos-folhas-verdes","24":"pa_cores-de-tecidos-hortencia-marrom","25":"pa_cores-de-tecidos-hortencia-vermelha","26":"pa_cores-de-tecidos-palmeira-marrom","27":"pa_cores-de-tecidos-palmeira-verde","28":"pa_cores-de-tecidos-primavera","29":"pa_cores-de-tecidos-rosas-lilas","30":"pa_cores-de-tecidos-rosas-vermelhas","31":"pa_cores-de-tecidos-tropical-azul","32":"pa_cores-de-tecidos-tulipas-azuis","33":"tm-no-options","35":"first","36":"outofstock","37":"shipping-taxable","38":"product-type-variable"},"_links":{"self":[{"href":"https:\/\/www.tappy.com.br\/empresas\/wp-json\/wp\/v2\/product\/40","targetHints":{"allow":["GET"]}}],"collection":[{"href":"https:\/\/www.tappy.com.br\/empresas\/wp-json\/wp\/v2\/product"}],"about":[{"href":"https:\/\/www.tappy.com.br\/empresas\/wp-json\/wp\/v2\/types\/product"}],"wp:featuredmedia":[{"embeddable":true,"href":"https:\/\/www.tappy.com.br\/empresas\/wp-json\/wp\/v2\/media\/105"}],"wp:attachment":[{"href":"https:\/\/www.tappy.com.br\/empresas\/wp-json\/wp\/v2\/media?parent=40"}],"wp:term":[{"taxonomy":"product_brand","embeddable":true,"href":"https:\/\/www.tappy.com.br\/empresas\/wp-json\/wp\/v2\/product_brand?post=40"},{"taxonomy":"product_cat","embeddable":true,"href":"https:\/\/www.tappy.com.br\/empresas\/wp-json\/wp\/v2\/product_cat?post=40"},{"taxonomy":"product_tag","embeddable":true,"href":"https:\/\/www.tappy.com.br\/empresas\/wp-json\/wp\/v2\/product_tag?post=40"}],"curies":[{"name":"wp","href":"https:\/\/api.w.org\/{rel}","templated":true}]}}