{"id":3435,"date":"2025-05-18T13:07:30","date_gmt":"2025-05-18T16:07:30","guid":{"rendered":"https:\/\/www.tappy.com.br\/empresas\/?post_type=product&#038;p=3435"},"modified":"2026-05-05T19:21:19","modified_gmt":"2026-05-05T22:21:19","slug":"tecido-suede-veludo-cotele-rift-varias-cores-140cm","status":"publish","type":"product","link":"https:\/\/www.tappy.com.br\/empresas\/p\/tecido-suede-veludo-cotele-rift-varias-cores-140cm\/","title":{"rendered":"Tecido Suede Veludo Cotel\u00ea Rift V\u00e1rias Cores 140cm"},"content":{"rendered":"<h2>Tecido Suede Veludo Cotel\u00ea Rift<\/h2>\n<p>O Suede Veludo Cotel\u00ea Rift combina o toque suave do veludo com o charme atemporal das listras caneladas do cotel\u00ea. Com textura marcante e visual sofisticado, \u00e9 a escolha ideal para quem busca personalidade e conforto.<\/p>\n<h2>Textura Canelada com Alta Gramatura<\/h2>\n<p>Sua principal caracter\u00edstica \u00e9 ter as linhas paralelas em relevo \u2013 o cl\u00e1ssico efeito canelado \u2013, que agregam profundidade visual e refinamento ao estofado.<\/p>\n<p>Com gramatura de 350g\/m\u00b2 (497g\/m linear), o Suede Veludo Cotel\u00ea Rift se destaca como o tecido cotel\u00ea de maior gramatura do mercado.<br \/>\nProporcionando:<\/p>\n<ul>\n<li>Toque ainda mais macio, elevando o conforto ao sentar ou encostar.<\/li>\n<li>Textura encorpada e bem definida, valorizando o design do m\u00f3vel.<\/li>\n<li>Durabilidade superior, com excelente resist\u00eancia e ideal para o uso di\u00e1rio.<\/li>\n<\/ul>\n<h2>Cores Vers\u00e1teis<\/h2>\n<p>Dispon\u00edvel em uma paleta de cores cuidadosamente selecionadas, esse tecido harmoniza facilmente a diversos estilos de decora\u00e7\u00e3o \u2013 do cl\u00e1ssico ao contempor\u00e2neo \u2013, oferecendo liberdade criativa na hora de compor a decora\u00e7\u00e3o do ambiente.<\/p>\n<p>Muito utilizado em sof\u00e1s, pufes, recamiers, cabeceiras de cama, almofadas e outros estofados, este tecido adiciona um toque de luxo discreto e sofisticado.<\/p>\n","protected":false},"excerpt":{"rendered":"<p><strong>Tecido Veludo Cotel\u00ea Rift<\/strong> \u00e9 um tecido para estofados com pelagem do tipo suede de qualidade superior, alta gramatura, toque ultra macio e com lindas linhas paralelas. <a href=\"#vantagens\">Veja outras vantagens.<\/a><\/p>\n","protected":false},"featured_media":3480,"template":"","meta":[],"product_brand":[1108],"product_cat":[21,20],"product_tag":[22,23,24,25,26,1098,28,1071,40],"class_list":{"0":"post-3435","1":"product","2":"type-product","3":"status-publish","4":"has-post-thumbnail","6":"product_brand-tappy","7":"product_cat-tecido-suede-para-sofas","8":"product_cat-tecidos-para-sofas","9":"product_tag-suede","10":"product_tag-suede-para-sofas","11":"product_tag-tecido-para-estofados","12":"product_tag-tecido-para-sofas","13":"product_tag-tecido-suede","14":"product_tag-tecido-veludo","15":"product_tag-tecidos-tappy","16":"product_tag-toque-extra-macio","17":"product_tag-veludo","18":"product_shipping_class-brasil","19":"pa_acabamento-tecido-pet-friendly","20":"pa_cores-de-tecidos-azul-ceruleo","21":"pa_cores-de-tecidos-bege-chino","22":"pa_cores-de-tecidos-cinza-chumbo","23":"pa_cores-de-tecidos-cinza-lunar","24":"pa_cores-de-tecidos-off-white-natural","25":"pa_cores-de-tecidos-preto","26":"pa_cores-de-tecidos-rosa-nude","27":"pa_cores-de-tecidos-rosa-rose","28":"pa_cores-de-tecidos-verde-lagoa","29":"pa_cores-de-tecidos-verde-oliva-escuro","30":"tm-no-options","32":"first","33":"instock","34":"featured","35":"shipping-taxable","36":"purchasable","37":"product-type-variable"},"_links":{"self":[{"href":"https:\/\/www.tappy.com.br\/empresas\/wp-json\/wp\/v2\/product\/3435","targetHints":{"allow":["GET"]}}],"collection":[{"href":"https:\/\/www.tappy.com.br\/empresas\/wp-json\/wp\/v2\/product"}],"about":[{"href":"https:\/\/www.tappy.com.br\/empresas\/wp-json\/wp\/v2\/types\/product"}],"wp:featuredmedia":[{"embeddable":true,"href":"https:\/\/www.tappy.com.br\/empresas\/wp-json\/wp\/v2\/media\/3480"}],"wp:attachment":[{"href":"https:\/\/www.tappy.com.br\/empresas\/wp-json\/wp\/v2\/media?parent=3435"}],"wp:term":[{"taxonomy":"product_brand","embeddable":true,"href":"https:\/\/www.tappy.com.br\/empresas\/wp-json\/wp\/v2\/product_brand?post=3435"},{"taxonomy":"product_cat","embeddable":true,"href":"https:\/\/www.tappy.com.br\/empresas\/wp-json\/wp\/v2\/product_cat?post=3435"},{"taxonomy":"product_tag","embeddable":true,"href":"https:\/\/www.tappy.com.br\/empresas\/wp-json\/wp\/v2\/product_tag?post=3435"}],"curies":[{"name":"wp","href":"https:\/\/api.w.org\/{rel}","templated":true}]}}