{"id":3428,"date":"2025-05-18T13:07:28","date_gmt":"2025-05-18T16:07:28","guid":{"rendered":"https:\/\/www.tappy.com.br\/empresas\/?post_type=product&#038;p=3428"},"modified":"2025-05-18T13:07:31","modified_gmt":"2025-05-18T16:07:31","slug":"tecido-aquatec-texturas-impermeavel-fiama-140cm","status":"publish","type":"product","link":"https:\/\/www.tappy.com.br\/empresas\/p\/tecido-aquatec-texturas-impermeavel-fiama-140cm\/","title":{"rendered":"Tecido Aquatec Texturas\u00ae Imperme\u00e1vel Fiama 140cm"},"content":{"rendered":"<h2>O que \u00e9 Tecido Aquatec Texturas\u00ae?<\/h2>\n<p>\u00c9 um tecido imperme\u00e1vel para sof\u00e1s feito com corpo e barra em Jacquard, acabamento Cotton, pr\u00e9-encolhida e Antipilling. Protege contra a a\u00e7\u00e3o do sol, repele a \u00e1gua e traz mais cor e vida para os estofados de ambientes internos ou externos.<\/p>\n<p>Essa linha de tecidos recebe um tipo de tinturaria espec\u00edfica que \u00e9 bastante uniforme e que deixa as cores vivas e s\u00f3lidas, elas foram cuidadosamente escolhidas para levar bom gosto e contraste para qualquer ambiente, pois s\u00e3o marcantes e delicadas com o toque certo de requinte.<\/p>\n<p>A Fiama originalmente foi a primeira marca a desenvolver um tecido em algod\u00e3o com exclusividade de ser imperme\u00e1vel, mantendo a qualidade e a naturalidade t\u00eaxtil.<\/p>\n<h2>Onde us\u00e1-lo?<\/h2>\n<div class=\"page\" title=\"Page 2\">\n<p style=\"text-align: left;\">Esse tecido \u00e9 um dos mais vers\u00e1teis para decora\u00e7\u00e3o interna e externa, a cole\u00e7\u00e3o Aquatec\u00ae 2024 materializa uma percep\u00e7\u00e3o de bem-estar que nos acolhe, fortalece, ativa e nos d\u00e1 mais vida.<\/p>\n<p>Com suas estampas arrojadas e descontra\u00eddas a decora\u00e7\u00e3o de ambientes feitas com esse tecido ser\u00e3o sempre marcantes e leves, ao ponto de trazer conforto e presen\u00e7a para qualquer pe\u00e7a estofada confeccionada com esse material.<\/p>\n<h2>Tecido Aquatec\u00ae \u00e9 bom?<\/h2>\n<p>Esse tecido \u00e9 o mais conceituado e conhecido tecido estampado para Sof\u00e1s, muitas vezes inclusive sendo alvo de c\u00f3pias que n\u00e3o possuem o mesmo acabamento fant\u00e1stico e capacidade hidrof\u00f3bica.<\/p>\n<p>Fique atento e tenha certeza de estar adquirindo um <strong>Tecido Aquatec\u00ae Lisos <\/strong>original aqui com a Tappy que \u00e9 a distribuidora oficial.<\/p>\n<\/div>\n<h2>Cuidados e manuten\u00e7\u00e3o de Tecidos Aquatec<strong>\u00ae:<\/strong><\/h2>\n<ul>\n<li>N\u00e3o deixar o seu Aquatec\u00ae exposto continuamente \u00e0s condi\u00e7\u00f5es clim\u00e1ticas como sol, chuva e umidade excessiva. Assim, evita-se a forma\u00e7\u00e3o de manchas de bolor e perda de resist\u00eancia do tecido.<\/li>\n<li>Limpar diariamente a superf\u00edcie do tecido, com pano umedecido em \u00e1gua na temperatura ambiente e secar.<\/li>\n<li>Eliminar sujeiras acidentais com pano limpo, esponjado ou papel absorvente, sem comprimir para dentro do tecido. Ap\u00f3s a limpeza, n\u00e3o armazenar seu Aquatec\u00ae em local \u00famido.<\/li>\n<li>Aplicar os tecidos Aquatec\u00ae somente sobre espuma e madeira totalmente tratada com anti-mofo.<\/li>\n<li>Aplicar ilhoses na parte inferior das almofadas, como forma de escape de ar e umidade.<\/li>\n<li>Utilizar agulhas finas e linhas de poli\u00e9ster nas costura e, de prefer\u00eancia, fazer costura dupla.<\/li>\n<li>N\u00e3o utilizar produtos abrasivos, como escovas com cerdas, jatos de \u00e1gua, esponjas abrasivas ou produtos qu\u00edmicos (alcalinos e clorados), tais como detergentes em p\u00f3, solventes, cloro e outros.<\/li>\n<\/ul>\n<p>Confira outros Tecidos Imperme\u00e1veis da Tappy <a title=\"Tecidos Imperme\u00e1veis\" href=\"https:\/\/www.tappy.com.br\/c\/tecidos-para-sofas\/tecido-impermeavel-para-sofas\/\" data-schema-attribute=\"\">aqui<\/a>.<\/p>\n<p>Para saber mais sobre o Tecidos Fiama <a href=\"https:\/\/fiama.com.br\/\" rel=\"noopener\">acesse aqui<\/a>.<\/p>\n","protected":false},"excerpt":{"rendered":"<p><strong>Tecido Aquatec\u00ae Texturas Imperme\u00e1vel<\/strong> \u00e9 um tecido para \u00e1reas externas muito resistente, capaz de ficar longos per\u00edodos exposto ao tempo aberto. \u00c9 o tecido do g\u00eanero que n\u00f3s recomendamos.<\/p>\n","protected":false},"featured_media":1374,"template":"","meta":[],"product_brand":[],"product_cat":[368,369,20],"product_tag":[],"class_list":{"0":"post-3428","1":"product","2":"type-product","3":"status-publish","4":"has-post-thumbnail","6":"product_cat-tecido-gorgurao","7":"product_cat-tecido-impermeavel-para-sofas","8":"product_cat-tecidos-para-sofas","9":"product_shipping_class-brasil","10":"pa_acabamento-impermeavel-a-substancias-aquosas-e-oleosas","11":"pa_acabamento-tecido-anti-uv","12":"pa_acabamento-tecido-antimancha","13":"pa_acabamento-tecido-estampado","14":"pa_acabamento-tecido-falso-liso","15":"pa_acabamento-tecido-impermeavel","16":"pa_acabamento-tecido-pet-friendly","17":"pa_cores-de-tecidos-bege-fendi","18":"tm-no-options","20":"first","21":"outofstock","22":"shipping-taxable","23":"product-type-variable"},"_links":{"self":[{"href":"https:\/\/www.tappy.com.br\/empresas\/wp-json\/wp\/v2\/product\/3428","targetHints":{"allow":["GET"]}}],"collection":[{"href":"https:\/\/www.tappy.com.br\/empresas\/wp-json\/wp\/v2\/product"}],"about":[{"href":"https:\/\/www.tappy.com.br\/empresas\/wp-json\/wp\/v2\/types\/product"}],"wp:featuredmedia":[{"embeddable":true,"href":"https:\/\/www.tappy.com.br\/empresas\/wp-json\/wp\/v2\/media\/1374"}],"wp:attachment":[{"href":"https:\/\/www.tappy.com.br\/empresas\/wp-json\/wp\/v2\/media?parent=3428"}],"wp:term":[{"taxonomy":"product_brand","embeddable":true,"href":"https:\/\/www.tappy.com.br\/empresas\/wp-json\/wp\/v2\/product_brand?post=3428"},{"taxonomy":"product_cat","embeddable":true,"href":"https:\/\/www.tappy.com.br\/empresas\/wp-json\/wp\/v2\/product_cat?post=3428"},{"taxonomy":"product_tag","embeddable":true,"href":"https:\/\/www.tappy.com.br\/empresas\/wp-json\/wp\/v2\/product_tag?post=3428"}],"curies":[{"name":"wp","href":"https:\/\/api.w.org\/{rel}","templated":true}]}}