{"id":2388,"date":"2024-03-26T11:05:13","date_gmt":"2024-03-26T14:05:13","guid":{"rendered":"https:\/\/www.tappy.com.br\/empresas\/?post_type=product&#038;p=2388"},"modified":"2026-01-05T15:10:35","modified_gmt":"2026-01-05T18:10:35","slug":"tecido-boucle-estampado-impermeavel-cotton-varias-cores-140cm","status":"publish","type":"product","link":"https:\/\/www.tappy.com.br\/empresas\/p\/tecido-boucle-estampado-impermeavel-cotton-varias-cores-140cm\/","title":{"rendered":"Tecido Boucl\u00e9 Estampado Imperme\u00e1vel Cotton V\u00e1rias Cores 140cm"},"content":{"rendered":"<h2>O que \u00e9 Tecido Boucl\u00e9 Estampado Imperme\u00e1vel Cotton?<\/h2>\n<p>\u00c9 um <strong>Tecido Boucl\u00e9 para Sof\u00e1s <\/strong>feito com fibras de algod\u00e3o macio de alta qualidade. Dentre os tecidos que oferecemos \u00e9 at\u00e9 o momento o mais bonito e sofisticado. Possui cores das tend\u00eancias 2022\/23 para decora\u00e7\u00e3o interna escolhida especialmente para combinar com seu projeto de arquitetura contempor\u00e2nea.<\/p>\n<p>Esse tecido para sof\u00e1s est\u00e1 pronto para atender aos mais exigentes padr\u00f5es de decora\u00e7\u00e3o de alta linha, podendo ser incorporado em projetos ousados e de alto n\u00edvel decorativo, devido as suas <strong>cores \u00fanicas e textura aparente<\/strong>.<\/p>\n<p>A gramatura deste <strong>Tecido Boucl\u00e9 <\/strong>\u00e9 capaz de garantir uma dura\u00e7\u00e3o insuper\u00e1vel j\u00e1 que ele pesa 816g por metro linear e 583g\/m\u00b2. Na categoria de tecidos com fibras naturais \u00e9 tamb\u00e9m nosso tecido mais pesado at\u00e9 o momento.<\/p>\n<h2>Onde us\u00e1-lo?<\/h2>\n<p>Pode ser aplicado em todos os tipos de estofamentos decorativos, desde sof\u00e1s inteiros, almofadas, cabeceiras de cama, cadeiras, poltronas, puffs e at\u00e9 artesanatos.<\/p>\n<p>Esse tecido para sof\u00e1s possui fibras de espessuras especiais para facilitar sua limpeza, isso pode ser feito em casa de forma bem f\u00e1cil, sempre tomando alguns cuidados.<\/p>\n<h2>Tecido Boucl\u00e9 Estampado Imperme\u00e1vel \u00e9 bom?<\/h2>\n<p>Sendo nosso melhor material para estofados diponibilizado at\u00e9 o momento, adjetivos \u00e9 o que n\u00e3o faltam para descrever o qu\u00e3o incr\u00edvel \u00e9 esse produto. Seja por sua textura, maciez ou apar\u00eancia arrojada, temos certeza que se poss\u00edvel esse tecido deve ser o primeiro da sua lista de tecidos para decora\u00e7\u00e3o de estofados.<\/p>\n<p><span style=\"font-size: 130%;\"><em><strong>Outras Caracter\u00edsticas T\u00e9cnicas:<\/strong><\/em><\/span><\/p>\n<p><em>Tecido plano tramado, face constru\u00e7\u00e3o maquinetado, tinto em pe\u00e7a formado por filamentos de algod\u00e3o entrela\u00e7ado. Tecido plano em 100% algod\u00e3o com 1,40m de largura, aspecto de linho, impermeabilizado\u00a0e de boa resist\u00eancia.<\/em><\/p>\n","protected":false},"excerpt":{"rendered":"<p><strong>Tecido Boucl\u00e9 Estampado Imperme\u00e1vel Cotton<\/strong> \u00e9 um tecido sofisticado feito de 100% algod\u00e3o e perfeito para ambientes internos. <a href=\"#vantagens\">Veja outras vantagens.<\/a><\/p>\n","protected":false},"featured_media":2410,"template":"","meta":[],"product_brand":[1108],"product_cat":[858,62,369,20],"product_tag":[370,376,24,25,302,27,28],"class_list":{"0":"post-2388","1":"product","2":"type-product","3":"status-publish","4":"has-post-thumbnail","6":"product_brand-tappy","7":"product_cat-tecido-boucle-para-estofados","8":"product_cat-fibras-naturais","9":"product_cat-tecido-impermeavel-para-sofas","10":"product_cat-tecidos-para-sofas","11":"product_tag-tecido-algodao","12":"product_tag-tecido-impermeavel","13":"product_tag-tecido-para-estofados","14":"product_tag-tecido-para-sofas","15":"product_tag-tecido-sintetico","16":"product_tag-tecido-texturizado","17":"product_tag-tecidos-tappy","18":"product_shipping_class-brasil","19":"pa_acabamento-impermeavel-a-substancias-aquosas","20":"pa_acabamento-tecido-anti-uv","21":"pa_acabamento-tecido-antimancha","22":"pa_acabamento-tecido-estampado","23":"pa_acabamento-tecido-texturizado","24":"pa_acabamento-tecido-tramado","25":"pa_cores-de-tecidos-off-white-circulos-pretos","26":"pa_cores-de-tecidos-off-white-folhas-fendi","27":"pa_cores-de-tecidos-off-white-folhas-grafitte","28":"pa_cores-de-tecidos-off-white-linhas-titanio","29":"pa_cores-de-tecidos-off-white-taipa-pretos","30":"tm-no-options","32":"first","33":"instock","34":"sale","35":"featured","36":"shipping-taxable","37":"purchasable","38":"product-type-variable"},"_links":{"self":[{"href":"https:\/\/www.tappy.com.br\/empresas\/wp-json\/wp\/v2\/product\/2388","targetHints":{"allow":["GET"]}}],"collection":[{"href":"https:\/\/www.tappy.com.br\/empresas\/wp-json\/wp\/v2\/product"}],"about":[{"href":"https:\/\/www.tappy.com.br\/empresas\/wp-json\/wp\/v2\/types\/product"}],"wp:featuredmedia":[{"embeddable":true,"href":"https:\/\/www.tappy.com.br\/empresas\/wp-json\/wp\/v2\/media\/2410"}],"wp:attachment":[{"href":"https:\/\/www.tappy.com.br\/empresas\/wp-json\/wp\/v2\/media?parent=2388"}],"wp:term":[{"taxonomy":"product_brand","embeddable":true,"href":"https:\/\/www.tappy.com.br\/empresas\/wp-json\/wp\/v2\/product_brand?post=2388"},{"taxonomy":"product_cat","embeddable":true,"href":"https:\/\/www.tappy.com.br\/empresas\/wp-json\/wp\/v2\/product_cat?post=2388"},{"taxonomy":"product_tag","embeddable":true,"href":"https:\/\/www.tappy.com.br\/empresas\/wp-json\/wp\/v2\/product_tag?post=2388"}],"curies":[{"name":"wp","href":"https:\/\/api.w.org\/{rel}","templated":true}]}}