{"id":226,"date":"2024-03-26T10:09:41","date_gmt":"2024-03-26T13:09:41","guid":{"rendered":"https:\/\/www.tappy.com.br\/empresas\/?post_type=product&#038;p=226"},"modified":"2026-03-05T16:02:45","modified_gmt":"2026-03-05T19:02:45","slug":"grampeador-manual-rocama-106-premium","status":"publish","type":"product","link":"https:\/\/www.tappy.com.br\/empresas\/p\/grampeador-manual-rocama-106-premium\/","title":{"rendered":"Grampeador Manual Rocama 106 Premium"},"content":{"rendered":"<h2>O que \u00e9?<\/h2>\n<p>O Grampeador Manual Rocama \u00e9 leve, resistente, pr\u00e1tico e altamente dur\u00e1vel. O nome do modelo faz refer\u00eancia ao tipo de grampo ideal para que o ele trabalhe da melhor forma poss\u00edvel. Seu uso pode ser feito de forma cont\u00ednua, sem pausa para recarga.<\/p>\n<p>Sua durabilidade est\u00e1 em torno de 100 mil acionamentos (um grampeador convencional consegue ser acionado cerca de 8 mil vezes at\u00e9 precisar de manuten\u00e7\u00e3o). No entanto, esta quantidade pode variar de acordo com o bom ou mal uso do equipamento.<\/p>\n<p>N\u00e3o necessita de eletricidade nem ar comprimido para que funcione, pois conta com um mecanismo que funciona somente com a press\u00e3o de um aperto de m\u00e3o.<\/p>\n<p>\u00c9 totalmente compat\u00edvel com grampos da Linha 106mm de comprimento. Veja aqui nossos <a title=\"Grampo 80\" href=\"https:\/\/www.tappy.com.br\/empresas\/c\/acessorios-para-tapecaria\/grampo-de-tapeceiro-industrial\/\" data-schema-attribute=\"\">Grampos 106<\/a>.<\/p>\n<h2>Onde us\u00e1-lo?<\/h2>\n<p>\u00c9 ideal para fixa\u00e7\u00e3o de materiais em madeira, tais como tecidos de estofados, montagem de cen\u00e1rios, decora\u00e7\u00f5es, artesanato, tela de pinturas, dentre outros.<\/p>\n<h2>Grampeador Manual Rocama \u00e9 bom?<\/h2>\n<p>Se voc\u00ea precisa de um grampeador de \u00f3timo custo benef\u00edcio para trabalhos leves, ent\u00e3o o Grampeador Rocama \u00e9 feito para voc\u00ea. Ele \u00e9 um grampeador eficiente para iniciantes em tape\u00e7arias, artesanatos, marcenarias entre outros.<\/p>\n<p>Gostaria de entender ainda mais sobre Grampeadores Rocama? Que tal esse link?<\/p>\n<p><a title=\"Grampeadores Rocama\" href=\"http:\/\/www.rocama.com.br\/produtos\/grampeadores-manuais\/\" target=\"_blank\" rel=\"noopener\">Grampeador Manual Rocama<\/a><\/p>\n<h2>Outras Informa\u00e7\u00f5es:<\/h2>\n<ul>\n<li>Corpo de Pl\u00e1stico;<\/li>\n<li>Silencioso;<\/li>\n<li>Leve;<\/li>\n<li>Utiliza grampos 106\/04, 106\/06 e 106\/08.<\/li>\n<\/ul>\n","protected":false},"excerpt":{"rendered":"<p>Grampeador Manual Rocama 106 Premium. Ideal para trabalhos em tape\u00e7aria, forro, serigrafia e etc. <strong>Veja a descri\u00e7\u00e3o e saiba mais<\/strong>.<\/p>\n","protected":false},"featured_media":274,"template":"","meta":[],"product_brand":[1194],"product_cat":[233,30],"product_tag":[234,231,235,236],"class_list":{"0":"post-226","1":"product","2":"type-product","3":"status-publish","4":"has-post-thumbnail","6":"product_brand-rocama","7":"product_cat-grampeadores-de-tapeceiro","8":"product_cat-acessorios-para-tapecaria","9":"product_tag-grampeador","10":"product_tag-grampo","11":"product_tag-manual","12":"product_tag-rocama","13":"product_shipping_class-brasil","14":"tm-no-options","16":"first","17":"outofstock","18":"shipping-taxable","19":"purchasable","20":"product-type-simple"},"_links":{"self":[{"href":"https:\/\/www.tappy.com.br\/empresas\/wp-json\/wp\/v2\/product\/226","targetHints":{"allow":["GET"]}}],"collection":[{"href":"https:\/\/www.tappy.com.br\/empresas\/wp-json\/wp\/v2\/product"}],"about":[{"href":"https:\/\/www.tappy.com.br\/empresas\/wp-json\/wp\/v2\/types\/product"}],"wp:featuredmedia":[{"embeddable":true,"href":"https:\/\/www.tappy.com.br\/empresas\/wp-json\/wp\/v2\/media\/274"}],"wp:attachment":[{"href":"https:\/\/www.tappy.com.br\/empresas\/wp-json\/wp\/v2\/media?parent=226"}],"wp:term":[{"taxonomy":"product_brand","embeddable":true,"href":"https:\/\/www.tappy.com.br\/empresas\/wp-json\/wp\/v2\/product_brand?post=226"},{"taxonomy":"product_cat","embeddable":true,"href":"https:\/\/www.tappy.com.br\/empresas\/wp-json\/wp\/v2\/product_cat?post=226"},{"taxonomy":"product_tag","embeddable":true,"href":"https:\/\/www.tappy.com.br\/empresas\/wp-json\/wp\/v2\/product_tag?post=226"}],"curies":[{"name":"wp","href":"https:\/\/api.w.org\/{rel}","templated":true}]}}