{"id":2248,"date":"2024-03-26T11:04:33","date_gmt":"2024-03-26T14:04:33","guid":{"rendered":"https:\/\/www.tappy.com.br\/empresas\/?post_type=product&#038;p=2248"},"modified":"2026-05-05T18:46:41","modified_gmt":"2026-05-05T21:46:41","slug":"tecido-chenille-boucle-aspen-ecomobili-140cm","status":"publish","type":"product","link":"https:\/\/www.tappy.com.br\/empresas\/p\/tecido-chenille-boucle-aspen-ecomobili-140cm\/","title":{"rendered":"Tecido Chenille Boucl\u00e9 Aspen Ecomobili 140cm"},"content":{"rendered":"<h2>O que \u00e9 Tecido Chenille Boucl\u00e9 Aspen Ecomobili?<\/h2>\n<p>A cole\u00e7\u00e3o Ecomobili \u00e9 uma revolu\u00e7\u00e3o na decora\u00e7\u00e3o sustent\u00e1vel. S\u00e3o tecidos incr\u00edveis que combinam estilo e consci\u00eancia ambiental, para que voc\u00ea possa transformar sua casa em um ref\u00fagio personalizado, sem deixar de lado a preocupa\u00e7\u00e3o com o meio ambiente. Ela utiliza fios sustent\u00e1veis obtidos da extra\u00e7\u00e3o de outros tecidos, para que assim voc\u00ea possa decorar seus ambientes favoritos sabendo que est\u00e1 fazendo a diferen\u00e7a para sua casa e para o planeta.<\/p>\n<p>\u00c9 um Tecido Chenille para sof\u00e1s com aspecto de Boucl\u00e9, de padronagem r\u00fastica e elegante. Possui todas as vantagens de um tecido de fibras naturais como toque macio e muito agrad\u00e1vel a pele.<\/p>\n<p>Suas tramas foram pensadas para decora\u00e7\u00f5es contempor\u00e2neas levando consigo muita beleza e modernidade para ambientes muito bem decorados, suas fibras de algod\u00e3o mesclado macio s\u00e3o respons\u00e1veis pela est\u00e9tica r\u00fastica dos tecidos de linho mais modernos.<\/p>\n<p>A gramatura deste tecido \u00e9 boa o suficiente para garantir excelente dura\u00e7\u00e3o \u00e9 um material de tramas t\u00e3o fortes que n\u00e3o h\u00e1 necessidade de forro no verso para refor\u00e7\u00e1-lo. Falando nisso esse tecido tem 567g por metro linear e 405g\/m\u00b2.<\/p>\n<h2>Onde us\u00e1-lo?<\/h2>\n<p>\u00c9 um Tecido Chenille Boucl\u00e9 que pode ser usado em grandes pe\u00e7as, como sof\u00e1s por exemplo, mas tamb\u00e9m em estofamentos menores como puffs e almofadas.<\/p>\n<p>Para sua limpeza \u00e9 indicado contratar um servi\u00e7o especializado, j\u00e1 que friccionar esse tecido n\u00e3o \u00e9 algo muito indicado, pois sua estampa pode perder defini\u00e7\u00e3o, manchar.<\/p>\n<h2>Tecido Chenille Aspen \u00e9 bom?<\/h2>\n<p>Esse tecido \u00e9 uma combina\u00e7\u00e3o de fibras ecol\u00f3gicas para alta decora\u00e7\u00e3o + alta qualidade, portanto \u00e9 uma excelente escolha para modernizar a sua sala e ideal para ambientes internos.<\/p>\n<p>No processo de tecelagem, os fios desfibrados s\u00e3o habilmente transformados em tecidos sustent\u00e1veis. \u00c9 importante ressaltar que os fios podem apresentar varia\u00e7\u00f5es de tonalidade em diferentes lotes, bem como aspectos de peeling, caracter\u00edsticas inerentes ao produto. Al\u00e9m disso, o fio pode ter uma textura mais irregular, conferindo ao tecido um charme r\u00fastico.<\/p>\n<p>Essas caracter\u00edsticas fazem parte da autenticidade e rusticidade dos tecidos sustent\u00e1veis da cole\u00e7\u00e3o Ecomobili.<\/p>\n<h2>Esse tecido possui certifica\u00e7\u00e3o ecol\u00f3gica?<\/h2>\n<p>O Tecido Aspen possui o maior selo de certifica\u00e7\u00e3o ecol\u00f3gica dispon\u00edvel no mundo hoje, estamos falando do selo su\u00ed\u00e7o OEKO-TEX, que \u00e9 reservado aos melhores tecidos que passam por uma extensa fila de processos obrigat\u00f3rios para certifica\u00e7\u00e3o. Saiba mais em:<\/p>\n<p><a href=\"https:\/\/www.oeko-tex.com\/en\/our-standards\/oeko-tex-standard-100\" rel=\"noopener\">OEKO-TEX STANDARD 100<\/a><\/p>\n<p><a href=\"https:\/\/www.oeko-tex.com\/en\/our-standards\/oeko-tex-standard-100\" rel=\"noopener\"><img decoding=\"async\" class=\"alignnone wp-image-36172 size-full\" src=\"https:\/\/www.tappy.com.br\/wp-content\/uploads\/2023\/07\/OEKO-STD.svg\" alt=\"\" \/><\/a><\/p>\n","protected":false},"excerpt":{"rendered":"<p><strong>Tecido Chenille Boucl\u00e9 Aspen<\/strong> \u00e9 um tecido chenille com aspecto de Boucl\u00e9 de toque macio, feito de fibras naturais r\u00fasticas e mistas. <a href=\"#vantagens\">Veja outras vantagens.<\/a><\/p>\n","protected":false},"featured_media":2278,"template":"","meta":[],"product_brand":[1108],"product_cat":[825,62,858,20,374],"product_tag":[826,827,372,24,25,27],"class_list":{"0":"post-2248","1":"product","2":"type-product","3":"status-publish","4":"has-post-thumbnail","6":"product_brand-tappy","7":"product_cat-tecido-chenille-para-sofas","8":"product_cat-fibras-naturais","9":"product_cat-tecido-boucle-para-estofados","10":"product_cat-tecidos-para-sofas","11":"product_cat-tecidos-sustentaveis-para-sofas","12":"product_tag-boucle","13":"product_tag-tecido-boucle","14":"product_tag-tecido-impermeabilizado","15":"product_tag-tecido-para-estofados","16":"product_tag-tecido-para-sofas","17":"product_tag-tecido-texturizado","18":"product_shipping_class-brasil","19":"pa_acabamento-tecido-ecologico-","20":"pa_acabamento-tecido-falso-liso","21":"pa_acabamento-tecido-texturizado","22":"pa_cores-de-tecidos-azul-meia-noite","23":"pa_cores-de-tecidos-bege-savana","24":"pa_cores-de-tecidos-bege-savana-mescla","25":"pa_cores-de-tecidos-cinza","26":"pa_cores-de-tecidos-cinza-grafite","27":"pa_cores-de-tecidos-cinza-mescla","28":"pa_cores-de-tecidos-off-white-natural","29":"pa_cores-de-tecidos-verde-musgo","30":"tm-no-options","32":"first","33":"instock","34":"featured","35":"shipping-taxable","36":"purchasable","37":"product-type-variable"},"_links":{"self":[{"href":"https:\/\/www.tappy.com.br\/empresas\/wp-json\/wp\/v2\/product\/2248","targetHints":{"allow":["GET"]}}],"collection":[{"href":"https:\/\/www.tappy.com.br\/empresas\/wp-json\/wp\/v2\/product"}],"about":[{"href":"https:\/\/www.tappy.com.br\/empresas\/wp-json\/wp\/v2\/types\/product"}],"wp:featuredmedia":[{"embeddable":true,"href":"https:\/\/www.tappy.com.br\/empresas\/wp-json\/wp\/v2\/media\/2278"}],"wp:attachment":[{"href":"https:\/\/www.tappy.com.br\/empresas\/wp-json\/wp\/v2\/media?parent=2248"}],"wp:term":[{"taxonomy":"product_brand","embeddable":true,"href":"https:\/\/www.tappy.com.br\/empresas\/wp-json\/wp\/v2\/product_brand?post=2248"},{"taxonomy":"product_cat","embeddable":true,"href":"https:\/\/www.tappy.com.br\/empresas\/wp-json\/wp\/v2\/product_cat?post=2248"},{"taxonomy":"product_tag","embeddable":true,"href":"https:\/\/www.tappy.com.br\/empresas\/wp-json\/wp\/v2\/product_tag?post=2248"}],"curies":[{"name":"wp","href":"https:\/\/api.w.org\/{rel}","templated":true}]}}