{"id":1985,"date":"2024-03-26T11:03:11","date_gmt":"2024-03-26T14:03:11","guid":{"rendered":"https:\/\/www.tappy.com.br\/empresas\/?post_type=product&#038;p=1985"},"modified":"2026-05-05T14:04:28","modified_gmt":"2026-05-05T17:04:28","slug":"cordone-encerado-linhasita-pe-4-varias-cores","status":"publish","type":"product","link":"https:\/\/www.tappy.com.br\/empresas\/p\/cordone-encerado-linhasita-pe-4-varias-cores\/","title":{"rendered":"Cordon\u00ea Encerado Linhasita PE-4 V\u00e1rias Cores"},"content":{"rendered":"<h2>O que \u00e9 Cordon\u00ea Encerado?<\/h2>\n<p>O Cordon\u00ea Encerado Linhasita ou fio encerado \u00e9 um tipo de cord\u00e3o ou fio feito de poli\u00e9ster, um material sint\u00e9tico resistente e dur\u00e1vel, que \u00e9 revestido com cera para aumentar sua resist\u00eancia \u00e0 abras\u00e3o, fric\u00e7\u00e3o e umidade. Ele \u00e9 amplamente utilizado em artesanato, costura, joalheria, marcenaria e outras atividades que exigem um fio forte e resistente.<\/p>\n<p>O cordon\u00ea encerado de poli\u00e9ster est\u00e1 dispon\u00edvel em diferentes cores. Ele \u00e9 popular entre os artes\u00e3os e costureiras por ser f\u00e1cil de manusear e resistente a rasgos, al\u00e9m de ser resistente a manchas e dur\u00e1vel, tornando-o adequado para uso em projetos que exigem alta resist\u00eancia e longa durabilidade.<\/p>\n<h2>Onde us\u00e1-lo?<\/h2>\n<p>Indicado para trabalhos em tape\u00e7arias, macram\u00ea, encaderna\u00e7\u00e3o, scrapbooking, bijuterias, colares, pulseiras, embrulhos, artes e artesanatos.<\/p>\n<h2>Cordon\u00ea Linhasita \u00e9 bom?<\/h2>\n<p>Os produtos da Linhasita s\u00e3o conhecidos por sua qualidade superior, resist\u00eancia e durabilidade. A empresa possui uma ampla gama de produtos, incluindo linhas enceradas para costura, cord\u00f5es encerados para bijuterias e artesanato, fios de pesca, linhas para encaderna\u00e7\u00e3o e outros produtos especiais.<\/p>\n<p>Isso faz com que esse tipo de Fio Encerado seja n\u00e3o apenas bom mas sim o melhor para qualquer trabalho do qual for utilizado.<\/p>\n<p>Cada rolo possui aproximadamente 165 metros.<\/p>\n","protected":false},"excerpt":{"rendered":"<p>Cordon\u00ea Encerado Linhasita \u00e9 um tipo de fio feito de poli\u00e9ster resistente e dur\u00e1vel, revestido com cera para aumentar sua resist\u00eancia. <a href=\"#vantagens\">Veja outras vantagens.<\/a><\/p>\n","protected":false},"featured_media":2005,"template":"","meta":[],"product_brand":[],"product_cat":[30,31],"product_tag":[281,763,36,282],"class_list":{"0":"post-1985","1":"product","2":"type-product","3":"status-publish","4":"has-post-thumbnail","6":"product_cat-acessorios-para-tapecaria","7":"product_cat-fios-e-linhas","8":"product_tag-cordone","9":"product_tag-cordone-encerado","10":"product_tag-linhasita","11":"product_tag-poliester","12":"product_shipping_class-brasil","13":"pa_cores-de-tecidos-amarelo-37","14":"pa_cores-de-tecidos-azul-228","15":"pa_cores-de-tecidos-azul-229","16":"pa_cores-de-tecidos-azul-231","17":"pa_cores-de-tecidos-azul-605","18":"pa_cores-de-tecidos-azul-606","19":"pa_cores-de-tecidos-azul-70","20":"pa_cores-de-tecidos-bege-05","21":"pa_cores-de-tecidos-bege-213","22":"pa_cores-de-tecidos-bege-219","23":"pa_cores-de-tecidos-bege-483","24":"pa_cores-de-tecidos-bege-531","25":"pa_cores-de-tecidos-bege-548","26":"pa_cores-de-tecidos-branco","27":"pa_cores-de-tecidos-cinza-206","28":"pa_cores-de-tecidos-cinza-208","29":"pa_cores-de-tecidos-cinza-209","30":"pa_cores-de-tecidos-laranja-30","31":"pa_cores-de-tecidos-marrom-21","32":"pa_cores-de-tecidos-marrom-26","33":"pa_cores-de-tecidos-marrom-29","34":"pa_cores-de-tecidos-marrom-593","35":"pa_cores-de-tecidos-marrom-641","36":"pa_cores-de-tecidos-marrom-649","37":"pa_cores-de-tecidos-natural","38":"pa_cores-de-tecidos-preto","39":"pa_cores-de-tecidos-rosa-237","40":"pa_cores-de-tecidos-rosa-239","41":"pa_cores-de-tecidos-rosa-323","42":"pa_cores-de-tecidos-rosa-545","43":"pa_cores-de-tecidos-roxo-369","44":"pa_cores-de-tecidos-roxo-69","45":"pa_cores-de-tecidos-verde-224","46":"pa_cores-de-tecidos-verde-367","47":"pa_cores-de-tecidos-verde-386","48":"pa_cores-de-tecidos-verde-87","49":"pa_cores-de-tecidos-vermelho-233","50":"pa_cores-de-tecidos-vermelho-44","51":"pa_cores-de-tecidos-vermelho-677","52":"tm-no-options","54":"first","55":"instock","56":"shipping-taxable","57":"purchasable","58":"product-type-variable"},"_links":{"self":[{"href":"https:\/\/www.tappy.com.br\/empresas\/wp-json\/wp\/v2\/product\/1985","targetHints":{"allow":["GET"]}}],"collection":[{"href":"https:\/\/www.tappy.com.br\/empresas\/wp-json\/wp\/v2\/product"}],"about":[{"href":"https:\/\/www.tappy.com.br\/empresas\/wp-json\/wp\/v2\/types\/product"}],"wp:featuredmedia":[{"embeddable":true,"href":"https:\/\/www.tappy.com.br\/empresas\/wp-json\/wp\/v2\/media\/2005"}],"wp:attachment":[{"href":"https:\/\/www.tappy.com.br\/empresas\/wp-json\/wp\/v2\/media?parent=1985"}],"wp:term":[{"taxonomy":"product_brand","embeddable":true,"href":"https:\/\/www.tappy.com.br\/empresas\/wp-json\/wp\/v2\/product_brand?post=1985"},{"taxonomy":"product_cat","embeddable":true,"href":"https:\/\/www.tappy.com.br\/empresas\/wp-json\/wp\/v2\/product_cat?post=1985"},{"taxonomy":"product_tag","embeddable":true,"href":"https:\/\/www.tappy.com.br\/empresas\/wp-json\/wp\/v2\/product_tag?post=1985"}],"curies":[{"name":"wp","href":"https:\/\/api.w.org\/{rel}","templated":true}]}}