{"id":1833,"date":"2024-03-26T11:02:27","date_gmt":"2024-03-26T14:02:27","guid":{"rendered":"https:\/\/www.tappy.com.br\/empresas\/?post_type=product&#038;p=1833"},"modified":"2026-05-06T10:06:40","modified_gmt":"2026-05-06T13:06:40","slug":"tecido-linho-premium-sanremo-varias-cores-145cm","status":"publish","type":"product","link":"https:\/\/www.tappy.com.br\/empresas\/p\/tecido-linho-premium-sanremo-varias-cores-145cm\/","title":{"rendered":"Tecido Linho Premium Sanremo V\u00e1rias Cores 145cm"},"content":{"rendered":"<h2>O que \u00e9 Linho Premium Sanremo?<\/h2>\n<p>\u00c9 um <strong>Tecido Linho para Sof\u00e1s <\/strong>sint\u00e9tico grosso de alta qualidade, resist\u00eancia e est\u00e9tica \u00fanica. Dentre os linhos que oferecemos \u00e9 talvez um dos mais bonitos e o de \u00f3timo custo benef\u00edcio. Possui a exclusiva cor azul marinho e \u00e9 ideal para decora\u00e7\u00e3o de Salas de Estar al\u00e9m de outros ambientes.<\/p>\n<p>A gramatura deste <strong>Tecido Linho <\/strong>\u00e9 capaz de garantir uma dura\u00e7\u00e3o insuper\u00e1vel j\u00e1 que ele pesa 508g por metro linear e 350g\/m\u00b2. A sua face(felpa) possui 300g\/m\u00b2, as 50g\/m\u00b2 restantes pertencem a seu forro, necess\u00e1rio para garantir maior resist\u00eancia.<\/p>\n<h2>Onde us\u00e1-lo?<\/h2>\n<p>Pode ser aplicado em todos os tipos de estofamentos decorativos, desde sof\u00e1s inteiros, almofadas, cabeceiras de cama, cadeiras, poltronas, puffs e at\u00e9 artesanatos. Como \u00e9 um dos melhores tecidos e mais resistentes que voc\u00ea encontrar\u00e1 no mercado, o que manda \u00e9 sua criatividade.<\/p>\n<p>Esse Linho possui fibras de espessuras especiais para facilitar sua limpeza, isso pode ser feito em casa de forma bem f\u00e1cil, sempre tomando alguns cuidados.<\/p>\n<h2>Tecido Linho Premium Sanremo \u00e9 bom?<\/h2>\n<p>Esse tecido Linho foi desenvolvido especialmente para sof\u00e1s. \u00c9 um produto de alt\u00edssima qualidade, beleza e com certeza uma \u00f3tima escolha para os que desejam ter um ambiente sofisticado e diferenciado.<\/p>\n<p>Dentre os linhos \u00e9 um dos mais nobres que o mercado oferece, esse material ir\u00e1 agradar at\u00e9 os mais exigentes e atender\u00e1 projetos de alta decora\u00e7\u00e3o contempor\u00e2neos.<\/p>\n<p><span style=\"font-size: 130%;\"><em><strong>Outras Caracter\u00edsticas T\u00e9cnicas:<\/strong><\/em><\/span><\/p>\n<p><em>Tecido plano dublado, face constru\u00e7\u00e3o maquinetado, tinto em pe\u00e7a formado por filamentos de poli\u00e9ster reunidos por colagem com um n\u00e3o tecido formado por fibras de poli\u00e9ster. Tecido plano em 100% poli\u00e9ster com 1,45m de largura, aspecto de linho, dublado e boa resist\u00eancia.<\/em><\/p>\n","protected":false},"excerpt":{"rendered":"<p><strong>Tecido Linho Premium Sanremo<\/strong> \u00e9 um tecido para estofados de alta decora\u00e7\u00e3o, com cores exclusivas e apar\u00eancia sem igual. <a href=\"#vantagens\">Veja outras vantagens.<\/a><\/p>\n","protected":false},"featured_media":1865,"template":"","meta":[],"product_brand":[1108],"product_cat":[56,20],"product_tag":[57,58,59,60,25,55,302,27,28],"class_list":{"0":"post-1833","1":"product","2":"type-product","3":"status-publish","4":"has-post-thumbnail","6":"product_brand-tappy","7":"product_cat-tecido-linho-para-sofas","8":"product_cat-tecidos-para-sofas","9":"product_tag-linho","10":"product_tag-linho-para-sofas","11":"product_tag-linho-sintetico","12":"product_tag-tecido-linho","13":"product_tag-tecido-para-sofas","14":"product_tag-tecido-poliester","15":"product_tag-tecido-sintetico","16":"product_tag-tecido-texturizado","17":"product_tag-tecidos-tappy","18":"product_shipping_class-brasil","19":"pa_acabamento-tecido-texturizado","20":"pa_acabamento-tecido-tramado","21":"pa_cores-de-tecidos-azul-marinho","22":"pa_cores-de-tecidos-bege-areia","23":"pa_cores-de-tecidos-cinza-lunar","24":"pa_cores-de-tecidos-off-white-natural","25":"pa_cores-de-tecidos-vermelho-terracota","26":"tm-no-options","28":"first","29":"instock","30":"featured","31":"shipping-taxable","32":"purchasable","33":"product-type-variable"},"_links":{"self":[{"href":"https:\/\/www.tappy.com.br\/empresas\/wp-json\/wp\/v2\/product\/1833","targetHints":{"allow":["GET"]}}],"collection":[{"href":"https:\/\/www.tappy.com.br\/empresas\/wp-json\/wp\/v2\/product"}],"about":[{"href":"https:\/\/www.tappy.com.br\/empresas\/wp-json\/wp\/v2\/types\/product"}],"wp:featuredmedia":[{"embeddable":true,"href":"https:\/\/www.tappy.com.br\/empresas\/wp-json\/wp\/v2\/media\/1865"}],"wp:attachment":[{"href":"https:\/\/www.tappy.com.br\/empresas\/wp-json\/wp\/v2\/media?parent=1833"}],"wp:term":[{"taxonomy":"product_brand","embeddable":true,"href":"https:\/\/www.tappy.com.br\/empresas\/wp-json\/wp\/v2\/product_brand?post=1833"},{"taxonomy":"product_cat","embeddable":true,"href":"https:\/\/www.tappy.com.br\/empresas\/wp-json\/wp\/v2\/product_cat?post=1833"},{"taxonomy":"product_tag","embeddable":true,"href":"https:\/\/www.tappy.com.br\/empresas\/wp-json\/wp\/v2\/product_tag?post=1833"}],"curies":[{"name":"wp","href":"https:\/\/api.w.org\/{rel}","templated":true}]}}