{"id":1759,"date":"2024-03-26T11:02:08","date_gmt":"2024-03-26T14:02:08","guid":{"rendered":"https:\/\/www.tappy.com.br\/empresas\/?post_type=product&#038;p=1759"},"modified":"2025-02-07T14:44:55","modified_gmt":"2025-02-07T17:44:55","slug":"mostruario-de-tecidos-tappy-exclusive","status":"publish","type":"product","link":"https:\/\/www.tappy.com.br\/empresas\/p\/mostruario-de-tecidos-tappy-exclusive\/","title":{"rendered":"Mostru\u00e1rio de Tecidos Tappy Exclusive"},"content":{"rendered":"<h2>Mostru\u00e1rio de Tecidos Tappy Exclusive<\/h2>\n<p>Nesta cole\u00e7\u00e3o, separamos cores exclusivas para o Suede Premium Joli, atualmente, o melhor e mais procurado veludo para sof\u00e1s. N\u00e3o podiam faltar tamb\u00e9m os tecidos texturizados Animale Premium e Pena Premium, com maciez e qualidade como voc\u00ea nunca viu. Para completar os Suedes, apresentamos os tecidos Estampado Positano Linho e Positano Fiori, feitos um para o outro, criando a composi\u00e7\u00e3o perfeita para um estofado elegante e harmonioso.<\/p>\n<p>Para os linhos, trazemos 4 modelos exclusivos. No Linho Sorrento voc\u00ea vai encontrar um toque delicado, por\u00e9m resistente, sendo o primeiro tecido da Tappy a ter selo ecol\u00f3gico, ou seja, produzido sem agredir o meio ambiente. J\u00e1 no Linho Carrara voc\u00ea ver\u00e1 um linho encorpado com uma beleza incompar\u00e1vel e cores incr\u00edveis. O Linho Bellagio traz um visual r\u00fastico, capaz de tornar o ambiente \u00fanico e inesquec\u00edvel. E por \u00faltimo, no Linho San Vito, voc\u00ea sentir\u00e1 um toque robusto e macio ao mesmo tempo, al\u00e9m de ter o melhor custo-benef\u00edcio entre os linhos. Ele \u00e9 ideal para locais com grande fluxo como lojas e \u00e9 claro, resid\u00eancias.<\/p>\n","protected":false},"excerpt":{"rendered":"<p><strong>Mostru\u00e1rio de tecidos Exclusive<\/strong> de alta qualidade, variedade e bom gosto com \u00e0s \u00faltimas tend\u00eancias em decora\u00e7\u00e3o de Suedes e Linhos. <a href=\"#vantagens\">Veja outras vantagens.<\/a><\/p>\n","protected":false},"featured_media":1794,"template":"","meta":[],"product_brand":[],"product_cat":[328],"product_tag":[],"class_list":{"0":"post-1759","1":"product","2":"type-product","3":"status-publish","4":"has-post-thumbnail","6":"product_cat-mostruario-de-tecidos","7":"product_shipping_class-brasil","8":"tm-no-options","10":"first","11":"outofstock","12":"sold-individually","13":"shipping-taxable","14":"purchasable","15":"product-type-simple"},"_links":{"self":[{"href":"https:\/\/www.tappy.com.br\/empresas\/wp-json\/wp\/v2\/product\/1759","targetHints":{"allow":["GET"]}}],"collection":[{"href":"https:\/\/www.tappy.com.br\/empresas\/wp-json\/wp\/v2\/product"}],"about":[{"href":"https:\/\/www.tappy.com.br\/empresas\/wp-json\/wp\/v2\/types\/product"}],"wp:featuredmedia":[{"embeddable":true,"href":"https:\/\/www.tappy.com.br\/empresas\/wp-json\/wp\/v2\/media\/1794"}],"wp:attachment":[{"href":"https:\/\/www.tappy.com.br\/empresas\/wp-json\/wp\/v2\/media?parent=1759"}],"wp:term":[{"taxonomy":"product_brand","embeddable":true,"href":"https:\/\/www.tappy.com.br\/empresas\/wp-json\/wp\/v2\/product_brand?post=1759"},{"taxonomy":"product_cat","embeddable":true,"href":"https:\/\/www.tappy.com.br\/empresas\/wp-json\/wp\/v2\/product_cat?post=1759"},{"taxonomy":"product_tag","embeddable":true,"href":"https:\/\/www.tappy.com.br\/empresas\/wp-json\/wp\/v2\/product_tag?post=1759"}],"curies":[{"name":"wp","href":"https:\/\/api.w.org\/{rel}","templated":true}]}}