{"id":1751,"date":"2024-03-26T11:02:07","date_gmt":"2024-03-26T14:02:07","guid":{"rendered":"https:\/\/www.tappy.com.br\/empresas\/?post_type=product&#038;p=1751"},"modified":"2026-04-20T15:14:54","modified_gmt":"2026-04-20T18:14:54","slug":"tecido-linho-impermeabilizado-urban-varias-cores-140cm","status":"publish","type":"product","link":"https:\/\/www.tappy.com.br\/empresas\/p\/tecido-linho-impermeabilizado-urban-varias-cores-140cm\/","title":{"rendered":"Tecido Linho Impermeabilizado Urban V\u00e1rias Cores 140cm"},"content":{"rendered":"<h2>O que \u00e9 Tecido Linho Impermeabilizado?<\/h2>\n<p>\u00c9 um tecido para sof\u00e1s tramado com aspecto de linho uniforme, de padronagem r\u00fastica e elegante. Possui todas as vantagens de um tecido de fibras naturais como toque macio e muito agrad\u00e1vel a pele.<\/p>\n<p>Suas estampas foram pensadas para decora\u00e7\u00f5es contempor\u00e2neas levando consigo muita beleza e modernidade para ambientes muito bem decorados, suas fibras de algod\u00e3o mesclado s\u00e3o respons\u00e1veis pela maciez e pela est\u00e9tica r\u00fastica de tecidos de linho modernos.<\/p>\n<p>A gramatura deste tecido \u00e9 boa o suficiente para garantir excelente dura\u00e7\u00e3o \u00e9 um material de tramas t\u00e3o fortes que n\u00e3o h\u00e1 necessidade de forro no verso para refor\u00e7\u00e1-lo. Falando nisso esse tecido tem 345g por metro linear e 247g\/m\u00b2.<\/p>\n<h2>Onde us\u00e1-lo?<\/h2>\n<p>\u00c9 um tecido democr\u00e1tico que pode ser usado em grandes pe\u00e7as, como sof\u00e1s por exemplo, mas tamb\u00e9m em estofamentos menores como puffs e almofadas. O segredo \u00e9 fazer uma combina\u00e7\u00e3o entre as estampas que esse tecido oferece e seu tecido base, na cor Off White (natural).<\/p>\n<p>Para sua limpeza \u00e9 indicado contratar um servi\u00e7o especializado, j\u00e1 que friccionar esse tecido n\u00e3o \u00e9 algo muito indicado, pois sua estampa pode perder defini\u00e7\u00e3o, manchar ou at\u00e9 mesmo perder a capacidade de impermeabiliza\u00e7\u00e3o.<\/p>\n<h2>Linho Impermeabilizado Urban \u00e9 bom?<\/h2>\n<p>Esse tecido \u00e9 uma combina\u00e7\u00e3o de estampas para alta decora\u00e7\u00e3o + impermeabiliza\u00e7\u00e3o + alta qualidade, portanto \u00e9 uma excelente escolha para modernizar a sua sala e ideal para ambientes internos.<\/p>\n<p>A cor off white foi pensada para dar equil\u00edbrio as estampas, sendo uma pe\u00e7a chave nessa combina\u00e7\u00e3o de cores, nossa recomenda\u00e7\u00e3o \u00e9 que seja combinada com as estampas desse mesmo tecido, sendo poss\u00edvel usar a estampa em pe\u00e7as menores e o tecido natural em pe\u00e7as maiores, mas n\u00e3o se limitando a isso, sendo uma escolha pessoal.<\/p>\n","protected":false},"excerpt":{"rendered":"<p><strong>Tecido Linho Impermeabilizado Urban<\/strong> \u00e9 um tecido tramado com aspecto de linho feito de fibras naturais de toque macio. <a href=\"#vantagens\">Veja outras vantagens.<\/a><\/p>\n","protected":false},"featured_media":1781,"template":"","meta":[],"product_brand":[1108],"product_cat":[56,62,369,20],"product_tag":[22,23,24,25,26,27,377],"class_list":{"0":"post-1751","1":"product","2":"type-product","3":"status-publish","4":"has-post-thumbnail","6":"product_brand-tappy","7":"product_cat-tecido-linho-para-sofas","8":"product_cat-fibras-naturais","9":"product_cat-tecido-impermeavel-para-sofas","10":"product_cat-tecidos-para-sofas","11":"product_tag-suede","12":"product_tag-suede-para-sofas","13":"product_tag-tecido-para-estofados","14":"product_tag-tecido-para-sofas","15":"product_tag-tecido-suede","16":"product_tag-tecido-texturizado","17":"product_tag-tecidos-fiama","18":"product_shipping_class-brasil","19":"pa_acabamento-impermeavel-a-substancias-aquosas","20":"pa_acabamento-tecido-estampado","21":"pa_acabamento-tecido-impermeavel","22":"pa_acabamento-tecido-texturizado","23":"pa_acabamento-tecido-tramado","24":"pa_cores-de-tecidos-flores-azuis","25":"pa_cores-de-tecidos-flores-rosa","26":"pa_cores-de-tecidos-flores-vermelho-terracota","27":"pa_cores-de-tecidos-geometrico-azul","28":"pa_cores-de-tecidos-geometrico-verde","29":"pa_cores-de-tecidos-geometrico-vermelho-terracota","30":"pa_cores-de-tecidos-off-white-natural","31":"pa_cores-de-tecidos-verde-musgo-e-estampa-flores","32":"tm-no-options","34":"first","35":"instock","36":"featured","37":"shipping-taxable","38":"purchasable","39":"product-type-variable"},"_links":{"self":[{"href":"https:\/\/www.tappy.com.br\/empresas\/wp-json\/wp\/v2\/product\/1751","targetHints":{"allow":["GET"]}}],"collection":[{"href":"https:\/\/www.tappy.com.br\/empresas\/wp-json\/wp\/v2\/product"}],"about":[{"href":"https:\/\/www.tappy.com.br\/empresas\/wp-json\/wp\/v2\/types\/product"}],"wp:featuredmedia":[{"embeddable":true,"href":"https:\/\/www.tappy.com.br\/empresas\/wp-json\/wp\/v2\/media\/1781"}],"wp:attachment":[{"href":"https:\/\/www.tappy.com.br\/empresas\/wp-json\/wp\/v2\/media?parent=1751"}],"wp:term":[{"taxonomy":"product_brand","embeddable":true,"href":"https:\/\/www.tappy.com.br\/empresas\/wp-json\/wp\/v2\/product_brand?post=1751"},{"taxonomy":"product_cat","embeddable":true,"href":"https:\/\/www.tappy.com.br\/empresas\/wp-json\/wp\/v2\/product_cat?post=1751"},{"taxonomy":"product_tag","embeddable":true,"href":"https:\/\/www.tappy.com.br\/empresas\/wp-json\/wp\/v2\/product_tag?post=1751"}],"curies":[{"name":"wp","href":"https:\/\/api.w.org\/{rel}","templated":true}]}}