{"id":156,"date":"2024-03-26T10:09:18","date_gmt":"2024-03-26T13:09:18","guid":{"rendered":"https:\/\/www.tappy.com.br\/empresas\/?post_type=product&#038;p=156"},"modified":"2025-09-18T14:41:18","modified_gmt":"2025-09-18T17:41:18","slug":"cordao-de-algodao-de-04mm-para-acabamento-vivo-1kg","status":"publish","type":"product","link":"https:\/\/www.tappy.com.br\/empresas\/p\/cordao-de-algodao-de-04mm-para-acabamento-vivo-1kg\/","title":{"rendered":"Cord\u00e3o de Algod\u00e3o de 04mm para Acabamento Vivo 1KG"},"content":{"rendered":"<p><strong>Cord\u00e3o de Algod\u00e3o Vivo<\/strong> de 04mm com 1Kg. Cordinha para confec\u00e7\u00e3o de acabamento vivo para os cantos de sof\u00e1s e almofadas.<\/p>\n<p>Vendido em bobinas com 1Kg com aproximadamente 130 Metros<\/p>\n<p>Esse cord\u00e3o \u00e9 o produto certo se voc\u00ea tem interesse em fazer almofadas com vivo.<\/p>\n<p>Quer ver como fica bacana um acabamento com vivo de algod\u00e3o em cadeiras?<\/p>\n<div class=\"video video-fit mb\" style=\"padding-top:56.25%;\"><p><iframe loading=\"lazy\" title=\"Fazendo costura manual  - acabamento de costa de cadeira\" width=\"1020\" height=\"574\" src=\"https:\/\/www.youtube.com\/embed\/Xbc412pNqG0?feature=oembed\" frameborder=\"0\" allow=\"accelerometer; autoplay; clipboard-write; encrypted-media; gyroscope; picture-in-picture; web-share\" referrerpolicy=\"strict-origin-when-cross-origin\" allowfullscreen><\/iframe><\/p>\n<\/div>\n","protected":false},"excerpt":{"rendered":"<p>Cord\u00e3o de Algod\u00e3o Vivo de 04mm com 1Kg. Cordinha para confec\u00e7\u00e3o de acabamento vivo para os cantos de sof\u00e1s e almofadas. Vendido em bobinas com 1Kg com aproximadamente 130 Metros Esse cord\u00e3o \u00e9 o produto certo se voc\u00ea tem interesse em fazer almofadas com vivo. Quer ver como fica bacana um acabamento com vivo de [&#8230;]\n","protected":false},"featured_media":194,"template":"","meta":[],"product_brand":[],"product_cat":[30,31],"product_tag":[],"class_list":{"0":"post-156","1":"product","2":"type-product","3":"status-publish","4":"has-post-thumbnail","6":"product_cat-acessorios-para-tapecaria","7":"product_cat-fios-e-linhas","8":"product_shipping_class-brasil","9":"tm-no-options","11":"first","12":"outofstock","13":"shipping-taxable","14":"purchasable","15":"product-type-simple"},"_links":{"self":[{"href":"https:\/\/www.tappy.com.br\/empresas\/wp-json\/wp\/v2\/product\/156","targetHints":{"allow":["GET"]}}],"collection":[{"href":"https:\/\/www.tappy.com.br\/empresas\/wp-json\/wp\/v2\/product"}],"about":[{"href":"https:\/\/www.tappy.com.br\/empresas\/wp-json\/wp\/v2\/types\/product"}],"wp:featuredmedia":[{"embeddable":true,"href":"https:\/\/www.tappy.com.br\/empresas\/wp-json\/wp\/v2\/media\/194"}],"wp:attachment":[{"href":"https:\/\/www.tappy.com.br\/empresas\/wp-json\/wp\/v2\/media?parent=156"}],"wp:term":[{"taxonomy":"product_brand","embeddable":true,"href":"https:\/\/www.tappy.com.br\/empresas\/wp-json\/wp\/v2\/product_brand?post=156"},{"taxonomy":"product_cat","embeddable":true,"href":"https:\/\/www.tappy.com.br\/empresas\/wp-json\/wp\/v2\/product_cat?post=156"},{"taxonomy":"product_tag","embeddable":true,"href":"https:\/\/www.tappy.com.br\/empresas\/wp-json\/wp\/v2\/product_tag?post=156"}],"curies":[{"name":"wp","href":"https:\/\/api.w.org\/{rel}","templated":true}]}}