{"id":1286,"date":"2024-03-26T10:15:55","date_gmt":"2024-03-26T13:15:55","guid":{"rendered":"https:\/\/www.tappy.com.br\/empresas\/?post_type=product&#038;p=1286"},"modified":"2026-04-16T12:36:19","modified_gmt":"2026-04-16T15:36:19","slug":"mangueira-espiral-de-pu-8mm-7-metros-pneumatica","status":"publish","type":"product","link":"https:\/\/www.tappy.com.br\/empresas\/p\/mangueira-espiral-de-pu-8mm-7-metros-pneumatica\/","title":{"rendered":"Mangueira Espiral de PU 8MM &#8211; 7 Metros, Pneum\u00e1tica"},"content":{"rendered":"<h2>O que \u00e9 Mangueira Espiral?<\/h2>\n<p>A Mangueira Espiral foi feita para facilitar o manuseio de ferramentas pneum\u00e1ticas como grampeadores, tachadeiras entre outras.<\/p>\n<h2>Onde us\u00e1-lo?<\/h2>\n<p>Ideal para ser usado com os grampeadores Rocama, Pacar, Imeco entre outras marcas de primeira linha como essas. \u00d3timo tamb\u00e9m para ser usado com o <a title=\"Conector Engate R\u00e1pido\" href=\"https:\/\/www.tappy.com.br\/empresas\/p\/conector-de-engate-rapido-femea-com-rosca\/\">Conector Engate R\u00e1pido<\/a>.<\/p>\n<h2>Mangueira Pneum\u00e1tica \u00e9 bom?<\/h2>\n<p>Essa Mangueira proporciona muito dinamismo na utiliza\u00e7\u00e3o da v\u00e1rias ferramentas pneum\u00e1ticas, seus 7 metros s\u00e3o \u00f3timos para alcan\u00e7ar grandes dist\u00e2ncias com conforto, tudo para que seu trabalho renda mais.<\/p>\n<p>Gostaria de entender ainda mais sobre ferramentas Pacar? Que tal esse link?<\/p>\n<p><a title=\"Grampeadores Pacar\" href=\"https:\/\/www.pacar.com.br\/site\/index.php\/pt\/produtos\/acessorios-e-consumiveis\/mangueiras\/product\/201-mangueiras\" rel=\"noopener\">Pacar Ferramentas Pneum\u00e1ticas<\/a><\/p>\n","protected":false},"excerpt":{"rendered":"<p>Mangueira Espiral de PU 8MM com 7 Metros + 2 Roscas Macho de 1\/4 para Grampeadores Pneum\u00e1ticos. <strong>Veja a descri\u00e7\u00e3o e saiba mais<\/strong>.<\/p>\n","protected":false},"featured_media":1322,"template":"","meta":[],"product_brand":[1129],"product_cat":[43],"product_tag":[234,237,231,232,238],"class_list":{"0":"post-1286","1":"product","2":"type-product","3":"status-publish","4":"has-post-thumbnail","6":"product_brand-pacar-ferramentas","7":"product_cat-ferramentas-para-tapeceiros","8":"product_tag-grampeador","9":"product_tag-grampeador-pneumatico","10":"product_tag-grampo","11":"product_tag-grampo-80","12":"product_tag-pacar","13":"product_shipping_class-brasil","14":"tm-no-options","16":"first","17":"instock","18":"shipping-taxable","19":"purchasable","20":"product-type-simple"},"_links":{"self":[{"href":"https:\/\/www.tappy.com.br\/empresas\/wp-json\/wp\/v2\/product\/1286","targetHints":{"allow":["GET"]}}],"collection":[{"href":"https:\/\/www.tappy.com.br\/empresas\/wp-json\/wp\/v2\/product"}],"about":[{"href":"https:\/\/www.tappy.com.br\/empresas\/wp-json\/wp\/v2\/types\/product"}],"wp:featuredmedia":[{"embeddable":true,"href":"https:\/\/www.tappy.com.br\/empresas\/wp-json\/wp\/v2\/media\/1322"}],"wp:attachment":[{"href":"https:\/\/www.tappy.com.br\/empresas\/wp-json\/wp\/v2\/media?parent=1286"}],"wp:term":[{"taxonomy":"product_brand","embeddable":true,"href":"https:\/\/www.tappy.com.br\/empresas\/wp-json\/wp\/v2\/product_brand?post=1286"},{"taxonomy":"product_cat","embeddable":true,"href":"https:\/\/www.tappy.com.br\/empresas\/wp-json\/wp\/v2\/product_cat?post=1286"},{"taxonomy":"product_tag","embeddable":true,"href":"https:\/\/www.tappy.com.br\/empresas\/wp-json\/wp\/v2\/product_tag?post=1286"}],"curies":[{"name":"wp","href":"https:\/\/api.w.org\/{rel}","templated":true}]}}