{"id":8,"date":"2024-03-05T12:17:47","date_gmt":"2024-03-05T15:17:47","guid":{"rendered":"https:\/\/www.tappy.com.br\/empresas\/minha-conta\/"},"modified":"2026-02-06T12:44:31","modified_gmt":"2026-02-06T15:44:31","slug":"minha-conta","status":"publish","type":"page","link":"https:\/\/www.tappy.com.br\/empresas\/minha-conta\/","title":{"rendered":"Minha conta"},"content":{"rendered":"\n<div class=\"accordion comunicado\">\n\n\t<div id=\"accordion-4140272390\" class=\"accordion-item\">\n\t\t<a id=\"accordion-4140272390-label\" class=\"accordion-title plain active\" href=\"#accordion-item-como-criar-minha-conta\" aria-expanded=\"true\" aria-controls=\"accordion-4140272390-content\">\n\t\t\t<button class=\"toggle\" aria-label=\"Toggle\"><i class=\"icon-angle-down\" aria-hidden=\"true\"><\/i><\/button>\n\t\t\t<span>COMO CRIAR MINHA CONTA<\/span>\n\t\t<\/a>\n\t\t<div id=\"accordion-4140272390-content\" class=\"accordion-inner\" style=\"display: block;\" aria-labelledby=\"accordion-4140272390-label\">\n\t\t\t\n\n<div class=\"row row-collapse\"  id=\"row-2053907904\">\n\n\n\t<div id=\"col-2015153938\" class=\"col small-12 large-12\"  >\n\t\t\t\t<div class=\"col-inner\"  >\n\t\t\t\n\t\t\t\n\n<ol>\n<li>Informe todos os dados abaixo, sendo os mais importantes CNPJ e I.E.;<\/li>\n<li>A Inscri\u00e7\u00e3o Estadual precisa conferir com os dados da Empresa na SEFAZ;<\/li>\n<li><strong>O RAMO DE ATIVIDADE da sua empresa precisa estar descrita como tendo liga\u00e7\u00e3o com as \u00e1reas de fabrica\u00e7\u00e3o de m\u00f3veis, decora\u00e7\u00e3o, arquitetura e etc.<\/strong>;<\/li>\n<li>D\u00ea prefer\u00eancia em usar um email com um dom\u00ednio real da empresa, como exemplo @tappy.com.br. Ao usar um email &#8220;comum&#8221; como por exemplo gmail, outlook, yahoo ou etc, pode ser necess\u00e1rio que nossa equipe entre em contato para fazer a valida\u00e7\u00e3o de cadastro utilizando o contrato social;<\/li>\n<li>O endere\u00e7o de entrega ficar\u00e1 restrito ao endere\u00e7o informado na Receita Federal do Brasil.<\/li>\n<\/ol>\n\n\t\t<\/div>\n\t\t\t\t\t<\/div>\n\n\t\n\n<\/div>\n\n\t\t<\/div>\n\t<\/div>\n\t\n\n<\/div>\n\n\n<div class=\"woocommerce\"><\/div>\n\n\t\t<div class=\"hidden\">\n\t\t\t\t\n\n<style>\n#logo {\nmargin-bottom: 0px!important;\n}\n.account-container {\ndisplay: block;\n}\n@media only screen and (max-width: 480px){.firebaseui-idp-list {\nflex-direction: row;\nflex-wrap: wrap;\n}}\n.logged-in .comunicado, .logged-in firebase-auth {\ndisplay:none;\n}\n#address\/document_field { display: none!important; }\ninput#address\/document { display: none!important; }\n#logo {\nmargin-bottom: 0px!important;\n}\n.account-container {\ndisplay: block;\n}\n@media only screen and (max-width: 480px){.firebaseui-idp-list {\nflex-direction: row;\nflex-wrap: wrap;\n}}\n.wc-correios-tracking-list, .wc-correios-tracking-description{display:none;}\n.wc-correios-tracking__button.button {display:none;\n}\n.wc-correios-tracking__title {\nfont-size:0px;\n}\n.wc-correios-tracking-title {margin-bottom:20px;\nfont-size:0px;\n}\n.wc-correios-tracking-title:before {font-size:20px;\ncontent:\"Rastreie seu pedido atrav\u00e9s das informa\u00e7\u00f5es enviadas por email\";\n}\n.wc-correios-tracking__title:after {\nfont-size:20px;\ncontent:\"Rastreie atrav\u00e9s da transportadora que informamos por email\";\n}\n.text-right{text-align: unset;}\nth.woocommerce-orders-table__header.woocommerce-orders-table__header-tracking,td.woocommerce-orders-table__cell.woocommerce-orders-table__cell-tracking{\ndisplay: none;\n}\nth.woocommerce-orders-table__header.woocommerce-orders-table__header-order-actions{\ntext-align: center;\n}\n@media (max-width: 849px){\n.touch-scroll-table table {\nwidth: -webkit-fill-available;\ndisplay: flex;\nflex-direction: row;\nflex-wrap: wrap;\njustify-content: space-evenly;\nfont-size:0.9em!important;\n}}\n.touch-scroll-table table {font-size: initial;\n}\ntd.product-total, .shop_table tfoot tr td, .cart_totals tbody tr td, .shop_table thead tr th:last-of-type, .shop_table tr td:last-of-type {\ntext-align: right;\ndisplay: flex;\nflex-direction: column;\nflex-wrap: nowrap;\n}\ntd.product-total, .shop_table tfoot tr td, .cart_totals tbody tr td, .shop_table thead tr th:last-of-type, .shop_table tr td:last-of-type {\ndisplay: table-cell;\n}\nth {\nfont-size: 85%!important;\nletter-spacing: 0.5px!important;\ntext-transform: uppercase!important;\n}\n@media (max-width: 849px){\ntbody{\ndisplay: flex;\nflex-direction: row;\nflex-wrap: wrap;\nwidth: max-content;\n}\nul#my-account-nav {\npadding: 0px;\n}\ntbody {\ndisplay: contents;}\n.touch-scroll-table table {display:block;}\n.touch-scroll-table {display:contents;}\n}\n.wt_sc_available_coupon_sort_by {display:none;}\n.woocommerce-table__product-name.product-name {width:70%;}\n.touch-scroll-table table {display: inline-table !important;}}\n<\/style>\n\t\t<\/div>\n\t\n\t\t<div class=\"hidden\">\n\t\t\t\t\n\n<style>\n.cart_totals tbody th {\nfont-weight: 600;\n}\n.cart-discount {\ncolor: limegreen;\ntext-transform: uppercase;\nfont-size:0.95em;}\n.cart-subtotal {font-size:1.05em;\ntext-transform: uppercase;}\n.order-total {font-size:1.15em;\ntext-transform: uppercase;}\n.demo_store {background-color: #f4f4f4;}\ntr.shipping input, .coupon input, .fl-labels .form-row input:not([type=\"checkbox\"]), .fl-labels .form-row textarea, .fl-labels .form-row select {\nborder-radius: 5px;\nbox-shadow: none;\nborder-color: #dcdcdc;\n}\ntr.shipping label{\ntext-align: left!important;\n}\n.breadcrumbs a.current {\nfont-weight: bold;\n}\n.cart-header {\ntext-align: center;\ntext-align: -webkit-center;\nmargin-bottom: 20px;}\n#logo {\nmargin-bottom: 20px;\n}\n.breadcrumbs {\nfont-size: large;\nletter-spacing: .02em;\ntext-transform: uppercase;\npadding: 10px 0px;\ndisplay: inline-flex;\nflex-direction: row;\nflex-wrap: nowrap;\njustify-content: center;\nalign-items: stretch;\n}\n.breadcrumbs a.current, .breadcrumbs a:hover {\nfont-size: large;\n}\n.account-login-inner, .account-register-inner {\npadding: 20px;\nbackground-color: #fff;\nborder-radius: 10px;\nborder: 1px solid #ececec;\nmargin-bottom: 30px;\n}\n.woocommerce-form-login__submit, .woocommerce-form-register__submit {\nwidth: -webkit-fill-available;\npadding-top: 5px;\npadding-bottom: 5px;\nmargin-bottom: 0px;\n}\n.woocommerce-form {\npadding-top:20px;\n}\ninput[type=password], input[type=text],\ninput[type=email]\nheight: 3.0084em;\ntransition: padding .3s;\n}\n.account-container.lightbox-inner {\npadding: 10px!important;\n}\nimg[src=\"\/wp-content\/plugins\/wc-banco-inter-payments\/assets\/images\/pix.svg\"],[src=\"\/wp-content\/plugins\/wc-banco-inter-payments\/assets\/images\/bank-slip.svg\"] {display:none;}\n#payment_method_woo-pagarme-payments-credit_card.input-radio, #payment_method_woo-pagarme-payments-2_cards.input-radio,#payment_method_wc_ticket_installments{margin-bottom: 0px;\n}\ninput#billing_country, input#shipping_country, #billing_country_field, #shipping_country_field,\ninput#billing_country_field\n{display:none!important;}\n.shipping-calculator-button {\nfont-size: .9em;\nbackground: var(--fs-color-primary);\ncolor: #fff;\nfont-size: .97em;\nfont-weight: bolder;\nletter-spacing: .03em;\nline-height: 2.4em;\nmargin-top: 0;\nmax-width: 100%;\nmin-height: 2.5em;\npadding: 0 1.2em;\nposition: relative;\ntext-align: center;\ntext-decoration: none;\ntext-rendering: optimizeLegibility;\ntext-shadow: none;\ntext-transform: uppercase;\ntransition: transform .3s, border .3s, background .3s, box-shadow .3s, opacity .3s, color .3s;\nvertical-align: middle;\nborder-radius: 99px;\ndisplay: block;\nmargin-right: 0;\nmin-width: 100%;\noverflow: visible;\nmargin-bottom: 15px;}\n.backorder_notification{\ncolor: var(--fs-color-secondary);\nfont-weight: 600;}\np#address\/document_field{display:none!important}\n.interpix-copy-paste .interpix-copy-title span {border-radius: 99px;\nbackground-color: var(--fs-color-primary);\nmin-height: 2.5em;\npadding: 0.6em 1.2em 0.6em 1.2em;\nfont-size: 14px;\nfont-weight: bolder;\nletter-spacing: .03em;\ntext-align: center;\ntext-decoration: none;\ntext-rendering: optimizeLegibility;\ntext-shadow: none;\ntext-transform: uppercase;\ntransition: transform .3s, border .3s, background .3s, box-shadow .3s, opacity .3s, color .3s;\nvertical-align: middle;\ndisplay: inline-block;\n}\n.interpix-copy-title span:hover {background:var(--fs-color-primary)!important;\nbox-shadow: inset 0 0 0 100px rgba(0, 0, 0, .2);\ncolor: #fff;\nopacity: 1;\noutline: none;}\n.pagarme-response {background-color: var(--fs-color-primary)!important;}\n<\/style>\n\t\t<\/div>\n\t\n\n\n","protected":false},"excerpt":{"rendered":"","protected":false},"author":1,"featured_media":0,"parent":0,"menu_order":0,"comment_status":"closed","ping_status":"closed","template":"page-my-account.php","meta":{"footnotes":""},"class_list":["post-8","page","type-page","status-publish","hentry"],"_links":{"self":[{"href":"https:\/\/www.tappy.com.br\/empresas\/wp-json\/wp\/v2\/pages\/8","targetHints":{"allow":["GET"]}}],"collection":[{"href":"https:\/\/www.tappy.com.br\/empresas\/wp-json\/wp\/v2\/pages"}],"about":[{"href":"https:\/\/www.tappy.com.br\/empresas\/wp-json\/wp\/v2\/types\/page"}],"author":[{"embeddable":true,"href":"https:\/\/www.tappy.com.br\/empresas\/wp-json\/wp\/v2\/users\/1"}],"replies":[{"embeddable":true,"href":"https:\/\/www.tappy.com.br\/empresas\/wp-json\/wp\/v2\/comments?post=8"}],"version-history":[{"count":0,"href":"https:\/\/www.tappy.com.br\/empresas\/wp-json\/wp\/v2\/pages\/8\/revisions"}],"wp:attachment":[{"href":"https:\/\/www.tappy.com.br\/empresas\/wp-json\/wp\/v2\/media?parent=8"}],"curies":[{"name":"wp","href":"https:\/\/api.w.org\/{rel}","templated":true}]}}